{"id":9708,"date":"2023-02-10T09:56:00","date_gmt":"2023-02-10T09:56:00","guid":{"rendered":"https:\/\/festivalmot.cat\/?page_id=9708"},"modified":"2026-03-02T17:29:11","modified_gmt":"2026-03-02T17:29:11","slug":"mot-escoles","status":"publish","type":"page","link":"https:\/\/festivalmot.cat\/edicions\/2026\/mot-escoles\/","title":{"rendered":"MOT Escoles"},"content":{"rendered":"<div class=\"gb-grid-wrapper gb-grid-wrapper-36d03c3d\">\n<div class=\"gb-grid-column gb-grid-column-d56af160\"><div class=\"gb-container gb-container-d56af160\"><div class=\"gb-inside-container\">\n\n<h3 class=\"gb-headline gb-headline-4de1b604 gb-headline-text\">El MOT Escoles \u00e9s una activitat educativa que s\u2019ofereix als centres de prim\u00e0ria de Girona i Olot.<\/h3>\n\n<\/div><\/div><\/div>\n\n<div class=\"gb-grid-column gb-grid-column-02b05f5c\"><div class=\"gb-container gb-container-02b05f5c\"><div class=\"gb-inside-container\">\n\n<p>El MOT Escoles a Girona constar\u00e0 de vuit sessions, que es faran en diferents biblioteques p\u00fabliques. Alumnes de cicle superior de prim\u00e0ria llegiran un llibre i, posteriorment, tindran una trobada amb el seu autor. Hi assistiran 567 alumnes de tretze centres educatius de la ciutat. Els autors que hi participen s\u00f3n Laia Longan, Anna Cabeza, Muriel Villanueva, Anna Manso, Jaume Copons, Joan de D\u00e9u Prats i Pep Molist.<\/p>\n\n\n\n<p><\/p>\n\n\n<div class=\"gb-container gb-container-0d5d2b67\">\n\n<a class=\"gb-button gb-button-08e544c7 gb-button-text\" href=\"https:\/\/festivalmot.cat\/edicions\/2026\/mot-escoles-girona\/\">MOT Escoles Girona<\/a>\n\n<\/div>\n<\/div><\/div><\/div>\n<\/div>\n\n\n<p><\/p>\n","protected":false},"excerpt":{"rendered":"","protected":false},"author":1,"featured_media":0,"parent":0,"menu_order":0,"comment_status":"closed","ping_status":"closed","template":"","meta":{"_acf_changed":false,"inline_featured_image":false,"footnotes":""},"class_list":["post-9708","page","type-page","status-publish"],"acf":[],"_links":{"self":[{"href":"https:\/\/festivalmot.cat\/edicions\/2026\/wp-json\/wp\/v2\/pages\/9708","targetHints":{"allow":["GET"]}}],"collection":[{"href":"https:\/\/festivalmot.cat\/edicions\/2026\/wp-json\/wp\/v2\/pages"}],"about":[{"href":"https:\/\/festivalmot.cat\/edicions\/2026\/wp-json\/wp\/v2\/types\/page"}],"author":[{"embeddable":true,"href":"https:\/\/festivalmot.cat\/edicions\/2026\/wp-json\/wp\/v2\/users\/1"}],"replies":[{"embeddable":true,"href":"https:\/\/festivalmot.cat\/edicions\/2026\/wp-json\/wp\/v2\/comments?post=9708"}],"version-history":[{"count":30,"href":"https:\/\/festivalmot.cat\/edicions\/2026\/wp-json\/wp\/v2\/pages\/9708\/revisions"}],"predecessor-version":[{"id":14298,"href":"https:\/\/festivalmot.cat\/edicions\/2026\/wp-json\/wp\/v2\/pages\/9708\/revisions\/14298"}],"wp:attachment":[{"href":"https:\/\/festivalmot.cat\/edicions\/2026\/wp-json\/wp\/v2\/media?parent=9708"}],"curies":[{"name":"wp","href":"https:\/\/api.w.org\/{rel}","templated":true}]}}

<div class="gb-grid-wrapper gb-grid-wrapper-36d03c3d">
<div class="gb-grid-column gb-grid-column-d56af160"><div class="gb-container gb-container-d56af160"><div class="gb-inside-container">

<h3 class="gb-headline gb-headline-4de1b604 gb-headline-text">El MOT Escoles és una activitat educativa que s’ofereix als centres de primària de Girona i Olot.</h3>

</div></div></div>

<div class="gb-grid-column gb-grid-column-02b05f5c"><div class="gb-container gb-container-02b05f5c"><div class="gb-inside-container">

<p>El MOT Escoles a Girona constarà de vuit sessions, que es faran en diferents biblioteques públiques. Alumnes de cicle superior de primària llegiran un llibre i, posteriorment, tindran una trobada amb el seu autor. Hi assistiran 567 alumnes de tretze centres educatius de la ciutat. Els autors que hi participen són Laia Longan, Anna Cabeza, Muriel Villanueva, Anna Manso, Jaume Copons, Joan de Déu Prats i Pep Molist.</p>



<p></p>


<div class="gb-container gb-container-0d5d2b67">

<a class="gb-button gb-button-08e544c7 gb-button-text" href="https://festivalmot.cat/edicions/2026/mot-escoles-girona/">MOT Escoles Girona</a>

</div>
</div></div></div>
</div>


<p></p>
