{"id":9376,"date":"2022-11-18T18:00:30","date_gmt":"2022-11-18T18:00:30","guid":{"rendered":"https:\/\/festivalmot.cat\/?page_id=9376"},"modified":"2026-02-06T10:43:32","modified_gmt":"2026-02-06T10:43:32","slug":"tema-i-comissariat","status":"publish","type":"page","link":"https:\/\/festivalmot.cat\/edicions\/2026\/tema-i-comissariat\/","title":{"rendered":"Tema i comissariat"},"content":{"rendered":"\n<h2 class=\"gb-headline gb-headline-70b29f62 gb-headline-text\"><strong>Me\u2019n vaig. El viatge en la literatura<\/strong><\/h2>\n\n\n\n<p class=\"gb-headline gb-headline-f3130e17 gb-headline-text\">La majoria dels viatges comencen a casa. Pot ser tot llegint un llibre o consultant un diccionari o un mapa, mirant una pel\u00b7l\u00edcula, fullejant un vell \u00e0lbum de fotografies o endormiscats al sof\u00e0 en aquell entreson on es confonen els records, les pors i els desitjos. \u00c9s a l\u2019entorn quotidi\u00e0, i fins i tot rutinari, on neix l\u2019impuls de marxar; on, de fet, l\u2019acci\u00f3 de marxar es carrega de sentit. Perqu\u00e8 a on anem, quan viatgem, si no \u00e9s \u201ca fora\u201d, a aquell altre lloc i aquell altre \u201cjo\u201d que ens allunya del que ja coneix\u00edem o cr\u00e8iem con\u00e8ixer massa b\u00e9?<\/p>\n\n\n\n<p><br>El viatge \u00e9s a l\u2019origen mateix de la literatura, per\u00f2 m\u00e9s que en la perip\u00e8cia inaugural d\u2019Ulisses, que no \u00e9s sin\u00f3 la cr\u00f2nica d\u2019un llarg retorn a casa, haur\u00edem de pensar en la meravellosa tradici\u00f3 de les rondalles, on tan sovint apareixen els camins, les proves inici\u00e0tiques, els boscos tenebrosos, la trobada amb l\u2019estrany, el descobriment de la m\u00e0gia. En el present, tan descregut i alhora tan d\u00f2cil, aquesta invitaci\u00f3 a mesurar-se amb l\u2019inesperat de qu\u00e8 anaven plens els contes a la vora del foc ha quedat segrestada per la propaganda tur\u00edstica. El viatge, en molts casos, ja nom\u00e9s s\u2019ent\u00e9n com una suma de recomanacions prudents i de postals boniques. No hi ha res que s\u2019oposi m\u00e9s a la idea del viatge que la mera transfer\u00e8ncia d\u2019un lloc a un altre, com han refutat autors com Xavier de Maistre, amb el seu <em>Viatge al voltant de la meva cambra<\/em>, o Joris-Karl Huysmans, amb els seus estetes melanc\u00f2lics incapa\u00e7os d\u2019embarcar-se cap enlloc, i que aix\u00ed i tot tenen alguna cosa a dir sobre el despla\u00e7ament, sobre la transformaci\u00f3, sobre aquesta criatura en moviment que, tamb\u00e9 en estat sedentari, \u00e9s qualsevol \u00e9sser hum\u00e0 pel fet que imagina, raona, projecta, viu.<\/p>\n\n\n\n<p><br>Certament, no tots els viatges ens afecten de la mateixa manera. N\u2019hi ha de plaents, de narc\u00f2tics, d\u2019involuntaris, de for\u00e7osos, d\u2019imaginaris, de formatius (l\u2019aristocr\u00e0tic <em>Grand Tour<\/em> que hem heretat fins i tot els pobres), de paorosos, de solitaris i de bulliciosos, amb vehicles rodats, per mar, per aire, a peu, nom\u00e9s d\u2019anada o d\u2019anada i tornada, cap endins, cap enfora, cap al passat, cap al futur, cap a la incertesa, cap al reconeixement, cap a la mort. Per\u00f2 tots posen en suspens, sigui quina sigui la durada que prenguin, el tedi\u00f3s ordre del dia a qu\u00e8 la vida ordin\u00e0ria ens tenia acostumats. D\u2019alguns, en diem viatges, per\u00f2 estan m\u00e9s aviat emparentats amb l\u2019evasi\u00f3, el passeig, l\u2019aventura o l\u2019embriaguesa. N\u2019hi ha de dolorosos, com els de l\u2019exili o les migracions. N\u2019hi ha que ens milloren i d\u2019altres que ens fan mal. L\u2019extraordin\u00e0ria polis\u00e8mia del nom ja \u00e9s la primera invitaci\u00f3 al viatge.<\/p>\n\n\n\n<p><br>Aqu\u00ed en tocarem uns quants, dels sentits que pren, fins i tot els que tenen a veure amb l\u2019evocaci\u00f3 prospectiva que desprenen els objectes i els espais quotidians, com una mena d\u2019esquers tant per a la fabulaci\u00f3 com per a la mem\u00f2ria o l\u2019esperan\u00e7a: una altra manera de viatjar. No aconseguirem exhaurir un tema que, per dir-ho com Claudio Magris, \u201cno tan sols descobreix la precarietat del m\u00f3n, sin\u00f3 tamb\u00e9 la del viatger\u201d, encara que nom\u00e9s sigui perqu\u00e8 travessant fronteres ens adonem que nosaltres \u201ctamb\u00e9 som sempre a l\u2019altra banda\u201d. Procurarem, per\u00f2, acostar-nos a alguna vora que ajudi a entendre el poder que dona el viatge i la fragilitat a qu\u00e8 ens exposa amb uns quants escriptors i escriptores que l\u2019han pensat des d\u2019angles diversos a les seves obres.<br>A cada llibre, de fet, hi ha un viatge o altre, i sempre n\u2019hi ha algun que coincideix amb el que t\u00e9 al pensament el lector mentre encara \u00e9s a casa, just abans d\u2019anar-se\u2019n.<br><br><br>Eva V\u00e0zquez, comiss\u00e0ria del MOT 2026<\/p>\n\n\n\n<hr class=\"wp-block-separator has-alpha-channel-opacity\"\/>\n\n\n<div class=\"gb-container gb-container-8bfa1f49\"><div class=\"gb-inside-container\">\n<div class=\"gb-grid-wrapper gb-grid-wrapper-f2ad4869\">\n<div class=\"gb-grid-column gb-grid-column-9801d19f\"><div class=\"gb-container gb-container-9801d19f\"><div class=\"gb-inside-container\">\n\n<figure class=\"gb-block-image gb-block-image-a72fef6f\"><img decoding=\"async\" class=\"gb-image gb-image-a72fef6f\" src=\"https:\/\/festivalmot.cat\/wp-content\/uploads\/2025\/09\/eva_vazquez.png\" alt=\"\" title=\"eva_vazquez\"\/><\/figure>\n\n<\/div><\/div><\/div>\n\n<div class=\"gb-grid-column gb-grid-column-1182ce1f\"><div class=\"gb-container gb-container-1182ce1f\"><div class=\"gb-inside-container\">\n\n<h3 class=\"gb-headline gb-headline-a4a27d49 gb-headline-text\"><strong>Eva V\u00e0zquez, comiss\u00e0ria del MOT 2026<\/strong><\/h3>\n\n\n\n<p>Eva V\u00e0zquez (Girona, 1968) \u00e9s llicenciada en hist\u00f2ria de l\u2019art i periodista cultural al diari El Punt Avui, on s\u2019ocupa preferentment de temes relacionats amb l\u2019art i la literatura. Ha comissariat exposicions que aborden la revisi\u00f3 hist\u00f2rica de l\u2019art del segle XX a Girona, i ha escrit en cat\u00e0legs diversos d\u2019art contemporani, incloent-hi un llibre sobre la cer\u00e0mica de Claudi Casanovas i, amb el fot\u00f2graf Josep M. Oliveras, <em>El quadern de fil<\/em>, sobre l\u2019her\u00e8ncia material i immaterial de la f\u00e0brica Coma Cros de Salt. Ha rebut el premi Llucieta Cany\u00e0 de cr\u00edtica liter\u00e0ria (2020), el premi ACCA a la cr\u00edtica d\u2019art (2023) i la Beca Finestres d\u2019Assaig (2024).<\/p>\n\n\n\n<p><br><\/p>\n\n<\/div><\/div><\/div>\n<\/div>\n<\/div><\/div>","protected":false},"excerpt":{"rendered":"<p>Me\u2019n vaig. El viatge en la literatura La majoria dels viatges comencen a casa. Pot ser tot llegint un llibre o consultant un diccionari o un mapa, mirant una pel\u00b7l\u00edcula, fullejant un vell \u00e0lbum de fotografies o endormiscats al sof\u00e0 en aquell entreson on es confonen els records, les pors i els desitjos. \u00c9s a &#8230; <a title=\"Tema i comissariat\" class=\"read-more\" href=\"https:\/\/festivalmot.cat\/edicions\/2026\/tema-i-comissariat\/\" aria-label=\"M\u00e9s informaci\u00f3 sobre Tema i comissariat\">Continua llegint<\/a><\/p>\n","protected":false},"author":1,"featured_media":0,"parent":0,"menu_order":0,"comment_status":"closed","ping_status":"closed","template":"","meta":{"_acf_changed":false,"inline_featured_image":false,"footnotes":""},"class_list":["post-9376","page","type-page","status-publish"],"acf":[],"_links":{"self":[{"href":"https:\/\/festivalmot.cat\/edicions\/2026\/wp-json\/wp\/v2\/pages\/9376","targetHints":{"allow":["GET"]}}],"collection":[{"href":"https:\/\/festivalmot.cat\/edicions\/2026\/wp-json\/wp\/v2\/pages"}],"about":[{"href":"https:\/\/festivalmot.cat\/edicions\/2026\/wp-json\/wp\/v2\/types\/page"}],"author":[{"embeddable":true,"href":"https:\/\/festivalmot.cat\/edicions\/2026\/wp-json\/wp\/v2\/users\/1"}],"replies":[{"embeddable":true,"href":"https:\/\/festivalmot.cat\/edicions\/2026\/wp-json\/wp\/v2\/comments?post=9376"}],"version-history":[{"count":21,"href":"https:\/\/festivalmot.cat\/edicions\/2026\/wp-json\/wp\/v2\/pages\/9376\/revisions"}],"predecessor-version":[{"id":14211,"href":"https:\/\/festivalmot.cat\/edicions\/2026\/wp-json\/wp\/v2\/pages\/9376\/revisions\/14211"}],"wp:attachment":[{"href":"https:\/\/festivalmot.cat\/edicions\/2026\/wp-json\/wp\/v2\/media?parent=9376"}],"curies":[{"name":"wp","href":"https:\/\/api.w.org\/{rel}","templated":true}]}}

<h2 class="gb-headline gb-headline-70b29f62 gb-headline-text"><strong>Me’n vaig. El viatge en la literatura</strong></h2>



<p class="gb-headline gb-headline-f3130e17 gb-headline-text">La majoria dels viatges comencen a casa. Pot ser tot llegint un llibre o consultant un diccionari o un mapa, mirant una pel·lícula, fullejant un vell àlbum de fotografies o endormiscats al sofà en aquell entreson on es confonen els records, les pors i els desitjos. És a l’entorn quotidià, i fins i tot rutinari, on neix l’impuls de marxar; on, de fet, l’acció de marxar es carrega de sentit. Perquè a on anem, quan viatgem, si no és “a fora”, a aquell altre lloc i aquell altre “jo” que ens allunya del que ja coneixíem o crèiem conèixer massa bé?</p>



<p><br>El viatge és a l’origen mateix de la literatura, però més que en la peripècia inaugural d’Ulisses, que no és sinó la crònica d’un llarg retorn a casa, hauríem de pensar en la meravellosa tradició de les rondalles, on tan sovint apareixen els camins, les proves iniciàtiques, els boscos tenebrosos, la trobada amb l’estrany, el descobriment de la màgia. En el present, tan descregut i alhora tan dòcil, aquesta invitació a mesurar-se amb l’inesperat de què anaven plens els contes a la vora del foc ha quedat segrestada per la propaganda turística. El viatge, en molts casos, ja només s’entén com una suma de recomanacions prudents i de postals boniques. No hi ha res que s’oposi més a la idea del viatge que la mera transferència d’un lloc a un altre, com han refutat autors com Xavier de Maistre, amb el seu <em>Viatge al voltant de la meva cambra</em>, o Joris-Karl Huysmans, amb els seus estetes melancòlics incapaços d’embarcar-se cap enlloc, i que així i tot tenen alguna cosa a dir sobre el desplaçament, sobre la transformació, sobre aquesta criatura en moviment que, també en estat sedentari, és qualsevol ésser humà pel fet que imagina, raona, projecta, viu.</p>



<p><br>Certament, no tots els viatges ens afecten de la mateixa manera. N’hi ha de plaents, de narcòtics, d’involuntaris, de forçosos, d’imaginaris, de formatius (l’aristocràtic <em>Grand Tour</em> que hem heretat fins i tot els pobres), de paorosos, de solitaris i de bulliciosos, amb vehicles rodats, per mar, per aire, a peu, només d’anada o d’anada i tornada, cap endins, cap enfora, cap al passat, cap al futur, cap a la incertesa, cap al reconeixement, cap a la mort. Però tots posen en suspens, sigui quina sigui la durada que prenguin, el tediós ordre del dia a què la vida ordinària ens tenia acostumats. D’alguns, en diem viatges, però estan més aviat emparentats amb l’evasió, el passeig, l’aventura o l’embriaguesa. N’hi ha de dolorosos, com els de l’exili o les migracions. N’hi ha que ens milloren i d’altres que ens fan mal. L’extraordinària polisèmia del nom ja és la primera invitació al viatge.</p>



<p><br>Aquí en tocarem uns quants, dels sentits que pren, fins i tot els que tenen a veure amb l’evocació prospectiva que desprenen els objectes i els espais quotidians, com una mena d’esquers tant per a la fabulació com per a la memòria o l’esperança: una altra manera de viatjar. No aconseguirem exhaurir un tema que, per dir-ho com Claudio Magris, “no tan sols descobreix la precarietat del món, sinó també la del viatger”, encara que només sigui perquè travessant fronteres ens adonem que nosaltres “també som sempre a l’altra banda”. Procurarem, però, acostar-nos a alguna vora que ajudi a entendre el poder que dona el viatge i la fragilitat a què ens exposa amb uns quants escriptors i escriptores que l’han pensat des d’angles diversos a les seves obres.<br>A cada llibre, de fet, hi ha un viatge o altre, i sempre n’hi ha algun que coincideix amb el que té al pensament el lector mentre encara és a casa, just abans d’anar-se’n.<br><br><br>Eva Vàzquez, comissària del MOT 2026</p>



<hr class="wp-block-separator has-alpha-channel-opacity"/>


<div class="gb-container gb-container-8bfa1f49"><div class="gb-inside-container">
<div class="gb-grid-wrapper gb-grid-wrapper-f2ad4869">
<div class="gb-grid-column gb-grid-column-9801d19f"><div class="gb-container gb-container-9801d19f"><div class="gb-inside-container">

<figure class="gb-block-image gb-block-image-a72fef6f"><img decoding="async" class="gb-image gb-image-a72fef6f" src="https://festivalmot.cat/wp-content/uploads/2025/09/eva_vazquez.png" alt="" title="eva_vazquez"/></figure>

</div></div></div>

<div class="gb-grid-column gb-grid-column-1182ce1f"><div class="gb-container gb-container-1182ce1f"><div class="gb-inside-container">

<h3 class="gb-headline gb-headline-a4a27d49 gb-headline-text"><strong>Eva Vàzquez, comissària del MOT 2026</strong></h3>



<p>Eva Vàzquez (Girona, 1968) és llicenciada en història de l’art i periodista cultural al diari El Punt Avui, on s’ocupa preferentment de temes relacionats amb l’art i la literatura. Ha comissariat exposicions que aborden la revisió històrica de l’art del segle XX a Girona, i ha escrit en catàlegs diversos d’art contemporani, incloent-hi un llibre sobre la ceràmica de Claudi Casanovas i, amb el fotògraf Josep M. Oliveras, <em>El quadern de fil</em>, sobre l’herència material i immaterial de la fàbrica Coma Cros de Salt. Ha rebut el premi Llucieta Canyà de crítica literària (2020), el premi ACCA a la crítica d’art (2023) i la Beca Finestres d’Assaig (2024).</p>



<p><br></p>

</div></div></div>
</div>
</div></div>

<p>Me’n vaig. El viatge en la literatura La majoria dels viatges comencen a casa. Pot ser tot llegint un llibre o consultant un diccionari o un mapa, mirant una pel·lícula, fullejant un vell àlbum de fotografies o endormiscats al sofà en aquell entreson on es confonen els records, les pors i els desitjos. És a &#8230; <a title="Tema i comissariat" class="read-more" href="https://festivalmot.cat/edicions/2026/tema-i-comissariat/" aria-label="Més informació sobre Tema i comissariat">Continua llegint</a></p>
