{"id":8593,"date":"2022-01-10T11:24:53","date_gmt":"2022-01-10T11:24:53","guid":{"rendered":"https:\/\/festivalmot.cat\/?page_id=8593"},"modified":"2026-01-29T16:50:21","modified_gmt":"2026-01-29T16:50:21","slug":"llegim-el-mot","status":"publish","type":"page","link":"https:\/\/festivalmot.cat\/edicions\/2026\/llegim-el-mot\/","title":{"rendered":"Llegim el MOT"},"content":{"rendered":"<div class=\"gb-container gb-container-e12a7e29\">\n\n<p><strong>Llegim el MOT<\/strong>&nbsp;\u00e9s el m\u00f3n lector que envolta el festival, apropant i difonent el gust per la lectura i la literatura abans, durant i despr\u00e9s de les converses dels autors que ens visiten.<\/p>\n\n\n<div class=\"gb-container gb-container-5a2e6a46\">\n\n<p>El festival organitza clubs de lectura a les biblioteques de Girona i Olot, elabora una guia de lectura amb les obres m\u00e9s destacades dels autors que visiten el festival i durant els dies del festival el p\u00fablic pot trobar una llibreria a les seus del MOT per si est\u00e0 interessat a adquirir exemplars de les obres dels autors.<\/p>\n\n\n\n<p><\/p>\n\n<\/div>\n<\/div>\n\n<div class=\"gb-container gb-container-2f5ff706\"><div class=\"gb-inside-container\">\n<div class=\"gb-grid-wrapper gb-grid-wrapper-e4c5f154\">\n<div class=\"gb-grid-column gb-grid-column-9b46f3e6\"><div class=\"gb-container gb-container-9b46f3e6\">\n\n<h2 class=\"gb-headline gb-headline-037cdb8d gb-headline-text\">Club de lectura de Girona<\/h2>\n\n\n\n<p><em>*Inscripcions a bibliotequesgirona.cat o trucant a les biblioteques<\/em><\/p>\n\n\n\n<p><strong>Dimarts 17\/02, 19 h<br><\/strong>Biblioteca Ernest Lluch<br><strong><em>Me&#8217;n vaig<\/em><\/strong>,\u00a0<strong>de Jean Echenoz<\/strong><br>A c\u00e0rrec de Blai Gasull<br>\u00a0\u00a0<br><strong>Dimarts 24\/02, 19 h<br><\/strong>Biblioteca Salvador Allende<br><strong><em>Metamorfosi,\u00a0<\/em>de M\u00edriam Cano<\/strong><br>A c\u00e0rrec de Sergi M\u00farcia<br>\u00a0<br><strong>Dimarts 03\/03, 19 h<br><\/strong>Biblioteca Ant\u00f2nia Adroher<br><strong><em>El cos invisible<\/em>, de N\u00faria Perpiny\u00e0<\/strong><br>A c\u00e0rrec de Jordi Garcia<br>\u00a0<br><strong>Dimarts 10\/03, 19 h<br><\/strong>Biblioteca Just M. Casero<br><strong><em>La balada del vell m\u00f3n<\/em>, d&#8217;Oriol Canosa<\/strong> <br>A c\u00e0rrec d&#8217;Esteban Bernis<\/p>\n\n\n\n<p><strong>Dilluns 16\/03, 18.30 h<br>Dimarts 17\/03, 18.30 h<\/strong><br>Biblioteca Carles Rahola<br><strong><em>La intrusa<\/em>, d&#8217;Irene Pujadas<\/strong><br>A c\u00e0rrec de Raul S\u00e1nchez<\/p>\n\n<\/div><\/div>\n\n<div class=\"gb-grid-column gb-grid-column-1804fb75\"><div class=\"gb-container gb-container-1804fb75\">\n\n<h2 class=\"gb-headline gb-headline-c309520b gb-headline-text\">Club de lectura d&#8217;Olot<\/h2>\n\n\n\n<p>*<em>Les inscripcions &nbsp;es faran a la Biblioteca Mari\u00e0 Vayreda, presencialment,&nbsp;a partir del 7 de gener a les 18 h, i fins a exhaurir les 20 places disponibles.&nbsp;Els interessats es poden apuntar a totes dues sessions o nom\u00e9s a una.&nbsp;A la biblioteca podran recollir el llibre que el Festival MOT els regala perqu\u00e8 puguin participar en el club de lectura (en cas que s&#8217;apuntin a totes dues sessions, el segon llibre el podran recollir despr\u00e9s de la data del primer club).<\/em><\/p>\n\n\n\n<p><strong>Dimarts 27\/01, 18.30 h<br><\/strong>Museu dels Sants<br><strong><em>Una vegada va ser estiu la nit sencera<\/em>, d&#8217;Elisabet Riera<\/strong><br>A c\u00e0rrec d&#8217;Albert Grabulosa<br><\/p>\n\n\n\n<p><strong>Dimarts 24\/02, 18.30 h<br><\/strong>Museu dels Sants&nbsp;<br><strong><em>Metamorfosi<\/em>, de M\u00edriam Cano<\/strong><br>A c\u00e0rrec d&#8217;Albert Grabulosa<br><\/p>\n\n<\/div><\/div>\n<\/div>\n<\/div><\/div>\n\n\n<div class=\"wp-block-columns is-layout-flex wp-container-core-columns-is-layout-1 wp-block-columns-is-layout-flex\">\n<div class=\"wp-block-column is-layout-flow wp-block-column-is-layout-flow\" style=\"flex-basis:33.33%\"><\/div>\n\n\n\n<div class=\"wp-block-column is-layout-flow wp-block-column-is-layout-flow\" style=\"flex-basis:66.66%\"><\/div>\n<\/div>\n\n\n\n<p><\/p>\n","protected":false},"excerpt":{"rendered":"<p>Llegim el MOT&nbsp;\u00e9s el m\u00f3n lector que envolta el festival, apropant i difonent el gust per la lectura i la literatura abans, durant i despr\u00e9s de les converses dels autors que ens visiten. El festival organitza clubs de lectura a les biblioteques de Girona i Olot, elabora una guia de lectura amb les obres m\u00e9s &#8230; <a title=\"Llegim el MOT\" class=\"read-more\" href=\"https:\/\/festivalmot.cat\/edicions\/2026\/llegim-el-mot\/\" aria-label=\"M\u00e9s informaci\u00f3 sobre Llegim el MOT\">Continua llegint<\/a><\/p>\n","protected":false},"author":1,"featured_media":0,"parent":0,"menu_order":0,"comment_status":"closed","ping_status":"closed","template":"","meta":{"_acf_changed":false,"inline_featured_image":false,"footnotes":""},"class_list":["post-8593","page","type-page","status-publish"],"acf":[],"_links":{"self":[{"href":"https:\/\/festivalmot.cat\/edicions\/2026\/wp-json\/wp\/v2\/pages\/8593","targetHints":{"allow":["GET"]}}],"collection":[{"href":"https:\/\/festivalmot.cat\/edicions\/2026\/wp-json\/wp\/v2\/pages"}],"about":[{"href":"https:\/\/festivalmot.cat\/edicions\/2026\/wp-json\/wp\/v2\/types\/page"}],"author":[{"embeddable":true,"href":"https:\/\/festivalmot.cat\/edicions\/2026\/wp-json\/wp\/v2\/users\/1"}],"replies":[{"embeddable":true,"href":"https:\/\/festivalmot.cat\/edicions\/2026\/wp-json\/wp\/v2\/comments?post=8593"}],"version-history":[{"count":104,"href":"https:\/\/festivalmot.cat\/edicions\/2026\/wp-json\/wp\/v2\/pages\/8593\/revisions"}],"predecessor-version":[{"id":14181,"href":"https:\/\/festivalmot.cat\/edicions\/2026\/wp-json\/wp\/v2\/pages\/8593\/revisions\/14181"}],"wp:attachment":[{"href":"https:\/\/festivalmot.cat\/edicions\/2026\/wp-json\/wp\/v2\/media?parent=8593"}],"curies":[{"name":"wp","href":"https:\/\/api.w.org\/{rel}","templated":true}]}}

<div class="gb-container gb-container-e12a7e29">

<p><strong>Llegim el MOT</strong>&nbsp;és el món lector que envolta el festival, apropant i difonent el gust per la lectura i la literatura abans, durant i després de les converses dels autors que ens visiten.</p>


<div class="gb-container gb-container-5a2e6a46">

<p>El festival organitza clubs de lectura a les biblioteques de Girona i Olot, elabora una guia de lectura amb les obres més destacades dels autors que visiten el festival i durant els dies del festival el públic pot trobar una llibreria a les seus del MOT per si està interessat a adquirir exemplars de les obres dels autors.</p>



<p></p>

</div>
</div>

<div class="gb-container gb-container-2f5ff706"><div class="gb-inside-container">
<div class="gb-grid-wrapper gb-grid-wrapper-e4c5f154">
<div class="gb-grid-column gb-grid-column-9b46f3e6"><div class="gb-container gb-container-9b46f3e6">

<h2 class="gb-headline gb-headline-037cdb8d gb-headline-text">Club de lectura de Girona</h2>



<p><em>*Inscripcions a bibliotequesgirona.cat o trucant a les biblioteques</em></p>



<p><strong>Dimarts 17/02, 19 h<br></strong>Biblioteca Ernest Lluch<br><strong><em>Me&#8217;n vaig</em></strong>, <strong>de Jean Echenoz</strong><br>A càrrec de Blai Gasull<br>  <br><strong>Dimarts 24/02, 19 h<br></strong>Biblioteca Salvador Allende<br><strong><em>Metamorfosi, </em>de Míriam Cano</strong><br>A càrrec de Sergi Múrcia<br> <br><strong>Dimarts 03/03, 19 h<br></strong>Biblioteca Antònia Adroher<br><strong><em>El cos invisible</em>, de Núria Perpinyà</strong><br>A càrrec de Jordi Garcia<br> <br><strong>Dimarts 10/03, 19 h<br></strong>Biblioteca Just M. Casero<br><strong><em>La balada del vell món</em>, d&#8217;Oriol Canosa</strong> <br>A càrrec d&#8217;Esteban Bernis</p>



<p><strong>Dilluns 16/03, 18.30 h<br>Dimarts 17/03, 18.30 h</strong><br>Biblioteca Carles Rahola<br><strong><em>La intrusa</em>, d&#8217;Irene Pujadas</strong><br>A càrrec de Raul Sánchez</p>

</div></div>

<div class="gb-grid-column gb-grid-column-1804fb75"><div class="gb-container gb-container-1804fb75">

<h2 class="gb-headline gb-headline-c309520b gb-headline-text">Club de lectura d&#8217;Olot</h2>



<p>*<em>Les inscripcions &nbsp;es faran a la Biblioteca Marià Vayreda, presencialment,&nbsp;a partir del 7 de gener a les 18 h, i fins a exhaurir les 20 places disponibles.&nbsp;Els interessats es poden apuntar a totes dues sessions o només a una.&nbsp;A la biblioteca podran recollir el llibre que el Festival MOT els regala perquè puguin participar en el club de lectura (en cas que s&#8217;apuntin a totes dues sessions, el segon llibre el podran recollir després de la data del primer club).</em></p>



<p><strong>Dimarts 27/01, 18.30 h<br></strong>Museu dels Sants<br><strong><em>Una vegada va ser estiu la nit sencera</em>, d&#8217;Elisabet Riera</strong><br>A càrrec d&#8217;Albert Grabulosa<br></p>



<p><strong>Dimarts 24/02, 18.30 h<br></strong>Museu dels Sants&nbsp;<br><strong><em>Metamorfosi</em>, de Míriam Cano</strong><br>A càrrec d&#8217;Albert Grabulosa<br></p>

</div></div>
</div>
</div></div>


<div class="wp-block-columns is-layout-flex wp-container-core-columns-is-layout-1 wp-block-columns-is-layout-flex">
<div class="wp-block-column is-layout-flow wp-block-column-is-layout-flow" style="flex-basis:33.33%"></div>



<div class="wp-block-column is-layout-flow wp-block-column-is-layout-flow" style="flex-basis:66.66%"></div>
</div>



<p></p>

<p>Llegim el MOT&nbsp;és el món lector que envolta el festival, apropant i difonent el gust per la lectura i la literatura abans, durant i després de les converses dels autors que ens visiten. El festival organitza clubs de lectura a les biblioteques de Girona i Olot, elabora una guia de lectura amb les obres més &#8230; <a title="Llegim el MOT" class="read-more" href="https://festivalmot.cat/edicions/2026/llegim-el-mot/" aria-label="Més informació sobre Llegim el MOT">Continua llegint</a></p>
