{"id":8126,"date":"2021-03-04T15:36:19","date_gmt":"2021-03-04T15:36:19","guid":{"rendered":"https:\/\/festivalmot.cat\/?page_id=8126"},"modified":"2026-04-15T15:36:50","modified_gmt":"2026-04-15T15:36:50","slug":"mot-ins","status":"publish","type":"page","link":"https:\/\/festivalmot.cat\/edicions\/2026\/mot-ins\/","title":{"rendered":"MOT INS"},"content":{"rendered":"\n<h2 class=\"gb-headline gb-headline-b2970542 gb-headline-text\">EL MOT ALS INSTITUTS<\/h2>\n\n\n\n<div style=\"height:30px\" aria-hidden=\"true\" class=\"wp-block-spacer\"><\/div>\n\n\n<div class=\"gb-grid-wrapper gb-grid-wrapper-36d03c3d\">\n<div class=\"gb-grid-column gb-grid-column-d56af160\"><div class=\"gb-container gb-container-d56af160\"><div class=\"gb-inside-container\">\n\n<h3 class=\"gb-headline gb-headline-4de1b604 gb-headline-text\">El MOT INS ofereix unes jornades d&#8217;experi\u00e8ncies liter\u00e0ries a joves de secund\u00e0ria i batxillerat basades en xerrades i tallers de creaci\u00f3 i experimentaci\u00f3.<\/h3>\n\n<\/div><\/div><\/div>\n\n<div class=\"gb-grid-column gb-grid-column-02b05f5c\"><div class=\"gb-container gb-container-02b05f5c\"><div class=\"gb-inside-container\">\n\n<h4 class=\"gb-headline gb-headline-f290e22a gb-headline-text\">PER QU\u00c8 FEM EL MOT INS?<\/h4>\n\n\n\n<ul class=\"wp-block-list\">\n<li>Per acostar la literatura i la creaci\u00f3 als joves de secund\u00e0ria des de propostes vivencials que l&#8217;allunyen de l&#8217;obligatorietat de l&#8217;aula.<\/li>\n\n\n\n<li>Per oferir experi\u00e8ncies creatives per a joves en espais culturals de la ciutat.<\/li>\n\n\n\n<li>Per promoure la socialitzaci\u00f3 entre joves de diversos centres al voltant de la literatura.<\/li>\n<\/ul>\n\n<\/div><\/div><\/div>\n<\/div>\n\n<div class=\"gb-container gb-container-7acecae7\"><div class=\"gb-inside-container\">\n\n<p class=\"has-normal-font-size\">Durant l\u2019adolesc\u00e8ncia, la lectura i la literatura sovint van lligades a les hores lectives, amb poques experi\u00e8ncies liter\u00e0ries en temps de lleure i socialitzaci\u00f3. El MOT INS t\u00e9 per objectiu pal\u00b7liar aquesta mancan\u00e7a i mostrar altres maneres de viure la literatura.<\/p>\n\n<\/div><\/div>\n\n<div class=\"gb-container gb-container-0f035d9a\"><div class=\"gb-inside-container\">\n<div class=\"gb-grid-wrapper gb-grid-wrapper-a4b86b13\">\n<div class=\"gb-grid-column gb-grid-column-0ef922fc\"><div class=\"gb-container gb-container-0ef922fc\"><div class=\"gb-inside-container\">\n\n<h3 class=\"gb-headline gb-headline-ca5ec771 gb-headline-text\">El MOT INS 2026 reflexionar\u00e0 sobre el viatge des de totes les seves perspectives. <\/h3>\n\n<\/div><\/div><\/div>\n\n<div class=\"gb-grid-column gb-grid-column-89e2acab\"><div class=\"gb-container gb-container-89e2acab\"><div class=\"gb-inside-container\">\n\n<p>Comen\u00e7ar\u00e0 amb una sessi\u00f3 pr\u00e8via dinamitzada a l&#8217;aula per introduir l\u2019alumnat en la tem\u00e0tica del festival. El MOT INS es duu a terme el 10 d&#8217;abril a Olot (diversos espais) i el dijous 26 i divendres 27 de mar\u00e7 a Girona (Biblioteca Carles Rahola).&nbsp;<\/p>\n\n\n\n<p>L\u2019acte d\u2019obertura en tots dos casos anir\u00e0 a c\u00e0rrec de l\u2019escriptora Irene Pujadas, que tamb\u00e9 participa de les converses del festival.&nbsp;<\/p>\n\n\n\n<p>A Girona hi participen tots els centres educatius de la ciutat. Pel que fa a Olot es compta amb tots els instituts de la comarca de la Garrotxa.&nbsp;<\/p>\n\n\n<div class=\"gb-grid-wrapper gb-grid-wrapper-319bf473\">\n<div class=\"gb-grid-column gb-grid-column-1b23156c\"><div class=\"gb-container gb-container-1b23156c\"><div class=\"gb-inside-container\">\n<div class=\"gb-button-wrapper gb-button-wrapper-c32bcd84\">\n\n<a class=\"gb-button gb-button-08e544c7 gb-button-text\" href=\"https:\/\/festivalmot.cat\/edicions\/2026\/mot-ins-girona\/\"><strong>MOT INS Girona<\/strong><\/a>\n\n<\/div>\n<\/div><\/div><\/div>\n\n<div class=\"gb-grid-column gb-grid-column-1eca726d\"><div class=\"gb-container gb-container-1eca726d\"><div class=\"gb-inside-container\">\n<div class=\"gb-button-wrapper gb-button-wrapper-7b66a4cd\">\n\n<a class=\"gb-button gb-button-3ec624c4 gb-button-text\" href=\"https:\/\/festivalmot.cat\/edicions\/2026\/mot-ins-olot\/\"><strong>MOT INS Olot<\/strong><\/a>\n\n<\/div>\n<\/div><\/div><\/div>\n<\/div>\n<\/div><\/div><\/div>\n<\/div>\n<\/div><\/div>\n\n\n<h4 class=\"gb-headline gb-headline-89d188b0 gb-headline-text\">EL MOT INS EN FOTOS<\/h4>\n\n\n<div class=\"gb-grid-wrapper gb-grid-wrapper-458271e8\">\n<div class=\"gb-grid-column gb-grid-column-b8c65f6a\"><div class=\"gb-container gb-container-b8c65f6a\"><div class=\"gb-inside-container\">\n\n<figure class=\"wp-block-gallery has-nested-images columns-default is-cropped wp-block-gallery-1 is-layout-flex wp-block-gallery-is-layout-flex\">\n<figure class=\"wp-block-image size-large\"><img loading=\"lazy\" decoding=\"async\" width=\"1024\" height=\"683\" src=\"https:\/\/festivalmot.cat\/edicions\/2026\/wp-content\/uploads\/2026\/04\/WhatsApp-Image-2026-04-10-at-09.22.29-1-1024x683.jpeg\" alt=\"\" class=\"wp-image-14396\" srcset=\"https:\/\/festivalmot.cat\/edicions\/2026\/wp-content\/uploads\/2026\/04\/WhatsApp-Image-2026-04-10-at-09.22.29-1-1024x683.jpeg 1024w, https:\/\/festivalmot.cat\/edicions\/2026\/wp-content\/uploads\/2026\/04\/WhatsApp-Image-2026-04-10-at-09.22.29-1-300x200.jpeg 300w, https:\/\/festivalmot.cat\/edicions\/2026\/wp-content\/uploads\/2026\/04\/WhatsApp-Image-2026-04-10-at-09.22.29-1-768x512.jpeg 768w, https:\/\/festivalmot.cat\/edicions\/2026\/wp-content\/uploads\/2026\/04\/WhatsApp-Image-2026-04-10-at-09.22.29-1-1536x1024.jpeg 1536w, https:\/\/festivalmot.cat\/edicions\/2026\/wp-content\/uploads\/2026\/04\/WhatsApp-Image-2026-04-10-at-09.22.29-1.jpeg 1620w\" sizes=\"auto, (max-width: 1024px) 100vw, 1024px\" \/><\/figure>\n\n\n\n<figure class=\"wp-block-image size-large\"><img loading=\"lazy\" decoding=\"async\" width=\"1024\" height=\"682\" src=\"https:\/\/festivalmot.cat\/edicions\/2026\/wp-content\/uploads\/2026\/04\/WhatsApp-Image-2026-04-10-at-10.49.04-1024x682.jpeg\" alt=\"\" class=\"wp-image-14397\" srcset=\"https:\/\/festivalmot.cat\/edicions\/2026\/wp-content\/uploads\/2026\/04\/WhatsApp-Image-2026-04-10-at-10.49.04-1024x682.jpeg 1024w, https:\/\/festivalmot.cat\/edicions\/2026\/wp-content\/uploads\/2026\/04\/WhatsApp-Image-2026-04-10-at-10.49.04-300x200.jpeg 300w, https:\/\/festivalmot.cat\/edicions\/2026\/wp-content\/uploads\/2026\/04\/WhatsApp-Image-2026-04-10-at-10.49.04-768x512.jpeg 768w, https:\/\/festivalmot.cat\/edicions\/2026\/wp-content\/uploads\/2026\/04\/WhatsApp-Image-2026-04-10-at-10.49.04-1536x1023.jpeg 1536w, https:\/\/festivalmot.cat\/edicions\/2026\/wp-content\/uploads\/2026\/04\/WhatsApp-Image-2026-04-10-at-10.49.04.jpeg 1600w\" sizes=\"auto, (max-width: 1024px) 100vw, 1024px\" \/><\/figure>\n\n\n\n<figure class=\"wp-block-image size-large\"><img loading=\"lazy\" decoding=\"async\" width=\"1024\" height=\"682\" src=\"https:\/\/festivalmot.cat\/edicions\/2026\/wp-content\/uploads\/2026\/04\/WhatsApp-Image-2026-04-10-at-10.50.36-3-1024x682.jpeg\" alt=\"\" class=\"wp-image-14398\" srcset=\"https:\/\/festivalmot.cat\/edicions\/2026\/wp-content\/uploads\/2026\/04\/WhatsApp-Image-2026-04-10-at-10.50.36-3-1024x682.jpeg 1024w, https:\/\/festivalmot.cat\/edicions\/2026\/wp-content\/uploads\/2026\/04\/WhatsApp-Image-2026-04-10-at-10.50.36-3-300x200.jpeg 300w, https:\/\/festivalmot.cat\/edicions\/2026\/wp-content\/uploads\/2026\/04\/WhatsApp-Image-2026-04-10-at-10.50.36-3-768x512.jpeg 768w, https:\/\/festivalmot.cat\/edicions\/2026\/wp-content\/uploads\/2026\/04\/WhatsApp-Image-2026-04-10-at-10.50.36-3-1536x1023.jpeg 1536w, https:\/\/festivalmot.cat\/edicions\/2026\/wp-content\/uploads\/2026\/04\/WhatsApp-Image-2026-04-10-at-10.50.36-3.jpeg 1600w\" sizes=\"auto, (max-width: 1024px) 100vw, 1024px\" \/><\/figure>\n\n\n\n<figure class=\"wp-block-image size-large\"><img loading=\"lazy\" decoding=\"async\" width=\"1024\" height=\"682\" src=\"https:\/\/festivalmot.cat\/edicions\/2026\/wp-content\/uploads\/2026\/04\/WhatsApp-Image-2026-04-10-at-10.54.47-1024x682.jpeg\" alt=\"\" class=\"wp-image-14399\" srcset=\"https:\/\/festivalmot.cat\/edicions\/2026\/wp-content\/uploads\/2026\/04\/WhatsApp-Image-2026-04-10-at-10.54.47-1024x682.jpeg 1024w, https:\/\/festivalmot.cat\/edicions\/2026\/wp-content\/uploads\/2026\/04\/WhatsApp-Image-2026-04-10-at-10.54.47-300x200.jpeg 300w, https:\/\/festivalmot.cat\/edicions\/2026\/wp-content\/uploads\/2026\/04\/WhatsApp-Image-2026-04-10-at-10.54.47-768x512.jpeg 768w, https:\/\/festivalmot.cat\/edicions\/2026\/wp-content\/uploads\/2026\/04\/WhatsApp-Image-2026-04-10-at-10.54.47-1536x1023.jpeg 1536w, https:\/\/festivalmot.cat\/edicions\/2026\/wp-content\/uploads\/2026\/04\/WhatsApp-Image-2026-04-10-at-10.54.47.jpeg 1600w\" sizes=\"auto, (max-width: 1024px) 100vw, 1024px\" \/><\/figure>\n\n\n\n<figure class=\"wp-block-image size-large\"><img loading=\"lazy\" decoding=\"async\" width=\"1024\" height=\"683\" src=\"https:\/\/festivalmot.cat\/edicions\/2026\/wp-content\/uploads\/2026\/04\/WhatsApp-Image-2026-04-10-at-11.01.21-1024x683.jpeg\" alt=\"\" class=\"wp-image-14400\" srcset=\"https:\/\/festivalmot.cat\/edicions\/2026\/wp-content\/uploads\/2026\/04\/WhatsApp-Image-2026-04-10-at-11.01.21-1024x683.jpeg 1024w, https:\/\/festivalmot.cat\/edicions\/2026\/wp-content\/uploads\/2026\/04\/WhatsApp-Image-2026-04-10-at-11.01.21-300x200.jpeg 300w, https:\/\/festivalmot.cat\/edicions\/2026\/wp-content\/uploads\/2026\/04\/WhatsApp-Image-2026-04-10-at-11.01.21-768x512.jpeg 768w, https:\/\/festivalmot.cat\/edicions\/2026\/wp-content\/uploads\/2026\/04\/WhatsApp-Image-2026-04-10-at-11.01.21-1536x1024.jpeg 1536w, https:\/\/festivalmot.cat\/edicions\/2026\/wp-content\/uploads\/2026\/04\/WhatsApp-Image-2026-04-10-at-11.01.21.jpeg 1620w\" sizes=\"auto, (max-width: 1024px) 100vw, 1024px\" \/><\/figure>\n\n\n\n<figure class=\"wp-block-image size-large\"><img loading=\"lazy\" decoding=\"async\" width=\"1024\" height=\"682\" src=\"https:\/\/festivalmot.cat\/edicions\/2026\/wp-content\/uploads\/2026\/04\/WhatsApp-Image-2026-04-10-at-12.29.38-1-1024x682.jpeg\" alt=\"\" class=\"wp-image-14401\" srcset=\"https:\/\/festivalmot.cat\/edicions\/2026\/wp-content\/uploads\/2026\/04\/WhatsApp-Image-2026-04-10-at-12.29.38-1-1024x682.jpeg 1024w, https:\/\/festivalmot.cat\/edicions\/2026\/wp-content\/uploads\/2026\/04\/WhatsApp-Image-2026-04-10-at-12.29.38-1-300x200.jpeg 300w, https:\/\/festivalmot.cat\/edicions\/2026\/wp-content\/uploads\/2026\/04\/WhatsApp-Image-2026-04-10-at-12.29.38-1-768x512.jpeg 768w, https:\/\/festivalmot.cat\/edicions\/2026\/wp-content\/uploads\/2026\/04\/WhatsApp-Image-2026-04-10-at-12.29.38-1-1536x1023.jpeg 1536w, https:\/\/festivalmot.cat\/edicions\/2026\/wp-content\/uploads\/2026\/04\/WhatsApp-Image-2026-04-10-at-12.29.38-1.jpeg 1600w\" sizes=\"auto, (max-width: 1024px) 100vw, 1024px\" \/><\/figure>\n<\/figure>\n\n<\/div><\/div><\/div>\n<\/div>\n\n\n<p><\/p>\n","protected":false},"excerpt":{"rendered":"<p>EL MOT ALS INSTITUTS Durant l\u2019adolesc\u00e8ncia, la lectura i la literatura sovint van lligades a les hores lectives, amb poques experi\u00e8ncies liter\u00e0ries en temps de lleure i socialitzaci\u00f3. El MOT INS t\u00e9 per objectiu pal\u00b7liar aquesta mancan\u00e7a i mostrar altres maneres de viure la literatura. EL MOT INS EN FOTOS<\/p>\n","protected":false},"author":5,"featured_media":0,"parent":0,"menu_order":0,"comment_status":"closed","ping_status":"closed","template":"","meta":{"_acf_changed":false,"inline_featured_image":false,"footnotes":""},"class_list":["post-8126","page","type-page","status-publish"],"acf":[],"_links":{"self":[{"href":"https:\/\/festivalmot.cat\/edicions\/2026\/wp-json\/wp\/v2\/pages\/8126","targetHints":{"allow":["GET"]}}],"collection":[{"href":"https:\/\/festivalmot.cat\/edicions\/2026\/wp-json\/wp\/v2\/pages"}],"about":[{"href":"https:\/\/festivalmot.cat\/edicions\/2026\/wp-json\/wp\/v2\/types\/page"}],"author":[{"embeddable":true,"href":"https:\/\/festivalmot.cat\/edicions\/2026\/wp-json\/wp\/v2\/users\/5"}],"replies":[{"embeddable":true,"href":"https:\/\/festivalmot.cat\/edicions\/2026\/wp-json\/wp\/v2\/comments?post=8126"}],"version-history":[{"count":42,"href":"https:\/\/festivalmot.cat\/edicions\/2026\/wp-json\/wp\/v2\/pages\/8126\/revisions"}],"predecessor-version":[{"id":14402,"href":"https:\/\/festivalmot.cat\/edicions\/2026\/wp-json\/wp\/v2\/pages\/8126\/revisions\/14402"}],"wp:attachment":[{"href":"https:\/\/festivalmot.cat\/edicions\/2026\/wp-json\/wp\/v2\/media?parent=8126"}],"curies":[{"name":"wp","href":"https:\/\/api.w.org\/{rel}","templated":true}]}}

<h2 class="gb-headline gb-headline-b2970542 gb-headline-text">EL MOT ALS INSTITUTS</h2>



<div style="height:30px" aria-hidden="true" class="wp-block-spacer"></div>


<div class="gb-grid-wrapper gb-grid-wrapper-36d03c3d">
<div class="gb-grid-column gb-grid-column-d56af160"><div class="gb-container gb-container-d56af160"><div class="gb-inside-container">

<h3 class="gb-headline gb-headline-4de1b604 gb-headline-text">El MOT INS ofereix unes jornades d&#8217;experiències literàries a joves de secundària i batxillerat basades en xerrades i tallers de creació i experimentació.</h3>

</div></div></div>

<div class="gb-grid-column gb-grid-column-02b05f5c"><div class="gb-container gb-container-02b05f5c"><div class="gb-inside-container">

<h4 class="gb-headline gb-headline-f290e22a gb-headline-text">PER QUÈ FEM EL MOT INS?</h4>



<ul class="wp-block-list">
<li>Per acostar la literatura i la creació als joves de secundària des de propostes vivencials que l&#8217;allunyen de l&#8217;obligatorietat de l&#8217;aula.</li>



<li>Per oferir experiències creatives per a joves en espais culturals de la ciutat.</li>



<li>Per promoure la socialització entre joves de diversos centres al voltant de la literatura.</li>
</ul>

</div></div></div>
</div>

<div class="gb-container gb-container-7acecae7"><div class="gb-inside-container">

<p class="has-normal-font-size">Durant l’adolescència, la lectura i la literatura sovint van lligades a les hores lectives, amb poques experiències literàries en temps de lleure i socialització. El MOT INS té per objectiu pal·liar aquesta mancança i mostrar altres maneres de viure la literatura.</p>

</div></div>

<div class="gb-container gb-container-0f035d9a"><div class="gb-inside-container">
<div class="gb-grid-wrapper gb-grid-wrapper-a4b86b13">
<div class="gb-grid-column gb-grid-column-0ef922fc"><div class="gb-container gb-container-0ef922fc"><div class="gb-inside-container">

<h3 class="gb-headline gb-headline-ca5ec771 gb-headline-text">El MOT INS 2026 reflexionarà sobre el viatge des de totes les seves perspectives. </h3>

</div></div></div>

<div class="gb-grid-column gb-grid-column-89e2acab"><div class="gb-container gb-container-89e2acab"><div class="gb-inside-container">

<p>Començarà amb una sessió prèvia dinamitzada a l&#8217;aula per introduir l’alumnat en la temàtica del festival. El MOT INS es duu a terme el 10 d&#8217;abril a Olot (diversos espais) i el dijous 26 i divendres 27 de març a Girona (Biblioteca Carles Rahola).&nbsp;</p>



<p>L’acte d’obertura en tots dos casos anirà a càrrec de l’escriptora Irene Pujadas, que també participa de les converses del festival.&nbsp;</p>



<p>A Girona hi participen tots els centres educatius de la ciutat. Pel que fa a Olot es compta amb tots els instituts de la comarca de la Garrotxa.&nbsp;</p>


<div class="gb-grid-wrapper gb-grid-wrapper-319bf473">
<div class="gb-grid-column gb-grid-column-1b23156c"><div class="gb-container gb-container-1b23156c"><div class="gb-inside-container">
<div class="gb-button-wrapper gb-button-wrapper-c32bcd84">

<a class="gb-button gb-button-08e544c7 gb-button-text" href="https://festivalmot.cat/edicions/2026/mot-ins-girona/"><strong>MOT INS Girona</strong></a>

</div>
</div></div></div>

<div class="gb-grid-column gb-grid-column-1eca726d"><div class="gb-container gb-container-1eca726d"><div class="gb-inside-container">
<div class="gb-button-wrapper gb-button-wrapper-7b66a4cd">

<a class="gb-button gb-button-3ec624c4 gb-button-text" href="https://festivalmot.cat/edicions/2026/mot-ins-olot/"><strong>MOT INS Olot</strong></a>

</div>
</div></div></div>
</div>
</div></div></div>
</div>
</div></div>


<h4 class="gb-headline gb-headline-89d188b0 gb-headline-text">EL MOT INS EN FOTOS</h4>


<div class="gb-grid-wrapper gb-grid-wrapper-458271e8">
<div class="gb-grid-column gb-grid-column-b8c65f6a"><div class="gb-container gb-container-b8c65f6a"><div class="gb-inside-container">

<figure class="wp-block-gallery has-nested-images columns-default is-cropped wp-block-gallery-1 is-layout-flex wp-block-gallery-is-layout-flex">
<figure class="wp-block-image size-large"><img loading="lazy" decoding="async" width="1024" height="683" src="https://festivalmot.cat/edicions/2026/wp-content/uploads/2026/04/WhatsApp-Image-2026-04-10-at-09.22.29-1-1024x683.jpeg" alt="" class="wp-image-14396" srcset="https://festivalmot.cat/edicions/2026/wp-content/uploads/2026/04/WhatsApp-Image-2026-04-10-at-09.22.29-1-1024x683.jpeg 1024w, https://festivalmot.cat/edicions/2026/wp-content/uploads/2026/04/WhatsApp-Image-2026-04-10-at-09.22.29-1-300x200.jpeg 300w, https://festivalmot.cat/edicions/2026/wp-content/uploads/2026/04/WhatsApp-Image-2026-04-10-at-09.22.29-1-768x512.jpeg 768w, https://festivalmot.cat/edicions/2026/wp-content/uploads/2026/04/WhatsApp-Image-2026-04-10-at-09.22.29-1-1536x1024.jpeg 1536w, https://festivalmot.cat/edicions/2026/wp-content/uploads/2026/04/WhatsApp-Image-2026-04-10-at-09.22.29-1.jpeg 1620w" sizes="auto, (max-width: 1024px) 100vw, 1024px" /></figure>



<figure class="wp-block-image size-large"><img loading="lazy" decoding="async" width="1024" height="682" src="https://festivalmot.cat/edicions/2026/wp-content/uploads/2026/04/WhatsApp-Image-2026-04-10-at-10.49.04-1024x682.jpeg" alt="" class="wp-image-14397" srcset="https://festivalmot.cat/edicions/2026/wp-content/uploads/2026/04/WhatsApp-Image-2026-04-10-at-10.49.04-1024x682.jpeg 1024w, https://festivalmot.cat/edicions/2026/wp-content/uploads/2026/04/WhatsApp-Image-2026-04-10-at-10.49.04-300x200.jpeg 300w, https://festivalmot.cat/edicions/2026/wp-content/uploads/2026/04/WhatsApp-Image-2026-04-10-at-10.49.04-768x512.jpeg 768w, https://festivalmot.cat/edicions/2026/wp-content/uploads/2026/04/WhatsApp-Image-2026-04-10-at-10.49.04-1536x1023.jpeg 1536w, https://festivalmot.cat/edicions/2026/wp-content/uploads/2026/04/WhatsApp-Image-2026-04-10-at-10.49.04.jpeg 1600w" sizes="auto, (max-width: 1024px) 100vw, 1024px" /></figure>



<figure class="wp-block-image size-large"><img loading="lazy" decoding="async" width="1024" height="682" src="https://festivalmot.cat/edicions/2026/wp-content/uploads/2026/04/WhatsApp-Image-2026-04-10-at-10.50.36-3-1024x682.jpeg" alt="" class="wp-image-14398" srcset="https://festivalmot.cat/edicions/2026/wp-content/uploads/2026/04/WhatsApp-Image-2026-04-10-at-10.50.36-3-1024x682.jpeg 1024w, https://festivalmot.cat/edicions/2026/wp-content/uploads/2026/04/WhatsApp-Image-2026-04-10-at-10.50.36-3-300x200.jpeg 300w, https://festivalmot.cat/edicions/2026/wp-content/uploads/2026/04/WhatsApp-Image-2026-04-10-at-10.50.36-3-768x512.jpeg 768w, https://festivalmot.cat/edicions/2026/wp-content/uploads/2026/04/WhatsApp-Image-2026-04-10-at-10.50.36-3-1536x1023.jpeg 1536w, https://festivalmot.cat/edicions/2026/wp-content/uploads/2026/04/WhatsApp-Image-2026-04-10-at-10.50.36-3.jpeg 1600w" sizes="auto, (max-width: 1024px) 100vw, 1024px" /></figure>



<figure class="wp-block-image size-large"><img loading="lazy" decoding="async" width="1024" height="682" src="https://festivalmot.cat/edicions/2026/wp-content/uploads/2026/04/WhatsApp-Image-2026-04-10-at-10.54.47-1024x682.jpeg" alt="" class="wp-image-14399" srcset="https://festivalmot.cat/edicions/2026/wp-content/uploads/2026/04/WhatsApp-Image-2026-04-10-at-10.54.47-1024x682.jpeg 1024w, https://festivalmot.cat/edicions/2026/wp-content/uploads/2026/04/WhatsApp-Image-2026-04-10-at-10.54.47-300x200.jpeg 300w, https://festivalmot.cat/edicions/2026/wp-content/uploads/2026/04/WhatsApp-Image-2026-04-10-at-10.54.47-768x512.jpeg 768w, https://festivalmot.cat/edicions/2026/wp-content/uploads/2026/04/WhatsApp-Image-2026-04-10-at-10.54.47-1536x1023.jpeg 1536w, https://festivalmot.cat/edicions/2026/wp-content/uploads/2026/04/WhatsApp-Image-2026-04-10-at-10.54.47.jpeg 1600w" sizes="auto, (max-width: 1024px) 100vw, 1024px" /></figure>



<figure class="wp-block-image size-large"><img loading="lazy" decoding="async" width="1024" height="683" src="https://festivalmot.cat/edicions/2026/wp-content/uploads/2026/04/WhatsApp-Image-2026-04-10-at-11.01.21-1024x683.jpeg" alt="" class="wp-image-14400" srcset="https://festivalmot.cat/edicions/2026/wp-content/uploads/2026/04/WhatsApp-Image-2026-04-10-at-11.01.21-1024x683.jpeg 1024w, https://festivalmot.cat/edicions/2026/wp-content/uploads/2026/04/WhatsApp-Image-2026-04-10-at-11.01.21-300x200.jpeg 300w, https://festivalmot.cat/edicions/2026/wp-content/uploads/2026/04/WhatsApp-Image-2026-04-10-at-11.01.21-768x512.jpeg 768w, https://festivalmot.cat/edicions/2026/wp-content/uploads/2026/04/WhatsApp-Image-2026-04-10-at-11.01.21-1536x1024.jpeg 1536w, https://festivalmot.cat/edicions/2026/wp-content/uploads/2026/04/WhatsApp-Image-2026-04-10-at-11.01.21.jpeg 1620w" sizes="auto, (max-width: 1024px) 100vw, 1024px" /></figure>



<figure class="wp-block-image size-large"><img loading="lazy" decoding="async" width="1024" height="682" src="https://festivalmot.cat/edicions/2026/wp-content/uploads/2026/04/WhatsApp-Image-2026-04-10-at-12.29.38-1-1024x682.jpeg" alt="" class="wp-image-14401" srcset="https://festivalmot.cat/edicions/2026/wp-content/uploads/2026/04/WhatsApp-Image-2026-04-10-at-12.29.38-1-1024x682.jpeg 1024w, https://festivalmot.cat/edicions/2026/wp-content/uploads/2026/04/WhatsApp-Image-2026-04-10-at-12.29.38-1-300x200.jpeg 300w, https://festivalmot.cat/edicions/2026/wp-content/uploads/2026/04/WhatsApp-Image-2026-04-10-at-12.29.38-1-768x512.jpeg 768w, https://festivalmot.cat/edicions/2026/wp-content/uploads/2026/04/WhatsApp-Image-2026-04-10-at-12.29.38-1-1536x1023.jpeg 1536w, https://festivalmot.cat/edicions/2026/wp-content/uploads/2026/04/WhatsApp-Image-2026-04-10-at-12.29.38-1.jpeg 1600w" sizes="auto, (max-width: 1024px) 100vw, 1024px" /></figure>
</figure>

</div></div></div>
</div>


<p></p>

<p>EL MOT ALS INSTITUTS Durant l’adolescència, la lectura i la literatura sovint van lligades a les hores lectives, amb poques experiències literàries en temps de lleure i socialització. El MOT INS té per objectiu pal·liar aquesta mancança i mostrar altres maneres de viure la literatura. EL MOT INS EN FOTOS</p>
