{"id":131,"date":"2021-02-12T11:02:56","date_gmt":"2021-02-12T11:02:56","guid":{"rendered":"https:\/\/festivalmot.cat\/?page_id=131"},"modified":"2026-03-11T10:31:56","modified_gmt":"2026-03-11T10:31:56","slug":"premsa","status":"publish","type":"page","link":"https:\/\/festivalmot.cat\/edicions\/2026\/premsa\/","title":{"rendered":"Premsa"},"content":{"rendered":"<div class=\"gb-container gb-container-faa57ecf\"><div class=\"gb-inside-container\">\n\n<h2 class=\"gb-headline gb-headline-f38e2514 gb-headline-text\">Presentaci\u00f3 del MOT 2026<\/h2>\n\n\n<div class=\"gb-container gb-container-ac367110\">\n\n<a class=\"gb-button gb-button-7121ddda gb-button-text\" href=\"https:\/\/festivalmot.cat\/edicions\/2026\/wp-content\/uploads\/2026\/03\/NdP-12e-Festival-MOT_2026_MARC.pdf\" target=\"_blank\" rel=\"noopener noreferrer\">NOTA DE PREMSA<\/a>\n\n\n\n<a class=\"gb-button gb-button-35543bfd gb-button-text\" href=\"https:\/\/drive.google.com\/file\/d\/1QuIkZD6GLmWK1Q3abNYpU239zNlr3GO_\/view?usp=sharing\" target=\"_blank\" rel=\"noopener noreferrer\">DOSSIER DE PREMSA<\/a>\n\n\n\n<a class=\"gb-button gb-button-0b4bfd89 gb-button-text\" href=\"https:\/\/drive.google.com\/drive\/folders\/1PjqyYiy6mAn6GpBo_zCd-yd5BsWkWlCv?usp=sharing\" target=\"_blank\" rel=\"noopener noreferrer\">FOTOS RODA DE PREMSA<\/a>\n\n<\/div>\n\n<div class=\"gb-container gb-container-6270dff8\">\n\n<a class=\"gb-button gb-button-0e5bcb43 gb-button-text\" href=\"https:\/\/drive.google.com\/drive\/folders\/1SNpDmjfUU1O0yU-yh4my-aF26WFOYG_6?usp=sharing\" target=\"_blank\" rel=\"noopener noreferrer\">FOTOS DEL MOT 2026<\/a>\n\n\n\n<a class=\"gb-button gb-button-1298b4f4 gb-button-text\" href=\"https:\/\/drive.google.com\/drive\/folders\/1W1PUbHu1iAZMAcQm02y3kFHS3m1nsJRR?usp=sharing\" target=\"_blank\" rel=\"noopener noreferrer\">FOTOS AUTORS<\/a>\n\n<\/div>\n<\/div><\/div>\n\n<div class=\"gb-container gb-container-cb3fad9a\"><div class=\"gb-inside-container\">\n\n<h2 class=\"gb-headline gb-headline-ab81a3e4 gb-headline-text\">Imatge gr\u00e0fica i primers autors confirmats del MOT 2026<\/h2>\n\n\n<div class=\"gb-container gb-container-9cfa6263\">\n\n<a class=\"gb-button gb-button-b2ca3fc8 gb-button-text\" href=\"https:\/\/festivalmot.cat\/edicions\/2026\/wp-content\/uploads\/2025\/11\/Ndp_Primers-noms-MOT_2026.pdf\" target=\"_blank\" rel=\"noopener noreferrer\">NOTA DE PREMSA<\/a>\n\n\n\n<a class=\"gb-button gb-button-b92efb4b gb-button-text\" href=\"https:\/\/drive.google.com\/drive\/folders\/1w7_5doSyKRK9rzvDXJkAzvZU3tChmaCJ?usp=sharing\" target=\"_blank\" rel=\"noopener noreferrer\">CARTELL MOT 2026<\/a>\n\n\n\n<a class=\"gb-button gb-button-5cf17ac8 gb-button-text\" href=\"https:\/\/drive.google.com\/drive\/folders\/1W1PUbHu1iAZMAcQm02y3kFHS3m1nsJRR?usp=sharing\" target=\"_blank\" rel=\"noopener noreferrer\">IMATGES PARTICIPANTS 2026<\/a>\n\n<\/div>\n<\/div><\/div>\n\n<div class=\"gb-container gb-container-eb3fc516\"><div class=\"gb-inside-container\">\n\n<h2 class=\"gb-headline gb-headline-3417b5a3 gb-headline-text\">Presentaci\u00f3 del tema i comissariat del MOT 2026<\/h2>\n\n\n<div class=\"gb-container gb-container-47659a16\">\n\n<a class=\"gb-button gb-button-0750250a gb-button-text\" href=\"https:\/\/festivalmot.cat\/edicions\/2026\/wp-content\/uploads\/2025\/11\/NP_MOT-2026_tema-i-comissaria__.pdf\" target=\"_blank\" rel=\"noopener noreferrer\">NOTA DE PREMSA<\/a>\n\n\n\n<a class=\"gb-button gb-button-b7df2e0f gb-button-text\" href=\"https:\/\/festivalmot.cat\/edicions\/2026\/wp-content\/uploads\/2025\/11\/Eva-Vazquez_foto-Marti-Albesa-scaled.jpg\" target=\"_blank\" rel=\"noopener noreferrer\">FOTOGRAFIA DE LA COMISS\u00c0RIA<\/a>\n\n<\/div>\n<\/div><\/div>\n\n\n<h2 class=\"gb-headline gb-headline-de92e933 gb-headline-text\">Edicions anteriors<\/h2>\n\n\n<div class=\"gb-grid-wrapper gb-grid-wrapper-ae98f63a\">\n<div class=\"gb-grid-column gb-grid-column-604fa9a6\"><div class=\"gb-container gb-container-604fa9a6\"><div class=\"gb-inside-container\">\n<div class=\"gb-container gb-container-12ad04af\"><div class=\"gb-inside-container\">\n\n<h4 class=\"gb-headline gb-headline-d45e4f5b gb-headline-text\">Fotografies d&#8217;ambient &#8211; Edicions anteriors<\/h4>\n\n\n<div class=\"gb-button-wrapper gb-button-wrapper-22a148e3\">\n\n<a class=\"gb-button gb-button-710e9b6d gb-button-text\" href=\"https:\/\/drive.google.com\/drive\/folders\/1-WgfePREAMi0aXFCqOd_w9Nu6fHBaIhM?usp=sharing\" target=\"_blank\" rel=\"noopener noreferrer\">Descarregar imatges<\/a>\n\n<\/div>\n<\/div><\/div>\n<\/div><\/div><\/div>\n\n<div class=\"gb-grid-column gb-grid-column-6050d71b\"><div class=\"gb-container gb-container-6050d71b\"><div class=\"gb-inside-container\">\n\n<h4 class=\"gb-headline gb-headline-4f192594 gb-headline-text\">Fotografies del MOT INS &#8211; Edicions anteriors<\/h4>\n\n\n<div class=\"gb-button-wrapper gb-button-wrapper-b3a39fe2\">\n\n<a class=\"gb-button gb-button-f922c115 gb-button-text\" href=\"https:\/\/drive.google.com\/drive\/folders\/1fHotktgqqWI4AFIXPnjqlVUSGdMMbx2c?usp=sharing\" target=\"_blank\" rel=\"noopener noreferrer\">Descarregar imatges<\/a>\n\n<\/div>\n<\/div><\/div><\/div>\n<\/div>","protected":false},"excerpt":{"rendered":"<p>Presentaci\u00f3 del MOT 2026 Imatge gr\u00e0fica i primers autors confirmats del MOT 2026 Presentaci\u00f3 del tema i comissariat del MOT 2026 Edicions anteriors<\/p>\n","protected":false},"author":1,"featured_media":0,"parent":0,"menu_order":0,"comment_status":"closed","ping_status":"closed","template":"","meta":{"_acf_changed":false,"inline_featured_image":false,"footnotes":""},"class_list":["post-131","page","type-page","status-publish"],"acf":[],"_links":{"self":[{"href":"https:\/\/festivalmot.cat\/edicions\/2026\/wp-json\/wp\/v2\/pages\/131","targetHints":{"allow":["GET"]}}],"collection":[{"href":"https:\/\/festivalmot.cat\/edicions\/2026\/wp-json\/wp\/v2\/pages"}],"about":[{"href":"https:\/\/festivalmot.cat\/edicions\/2026\/wp-json\/wp\/v2\/types\/page"}],"author":[{"embeddable":true,"href":"https:\/\/festivalmot.cat\/edicions\/2026\/wp-json\/wp\/v2\/users\/1"}],"replies":[{"embeddable":true,"href":"https:\/\/festivalmot.cat\/edicions\/2026\/wp-json\/wp\/v2\/comments?post=131"}],"version-history":[{"count":69,"href":"https:\/\/festivalmot.cat\/edicions\/2026\/wp-json\/wp\/v2\/pages\/131\/revisions"}],"predecessor-version":[{"id":14360,"href":"https:\/\/festivalmot.cat\/edicions\/2026\/wp-json\/wp\/v2\/pages\/131\/revisions\/14360"}],"wp:attachment":[{"href":"https:\/\/festivalmot.cat\/edicions\/2026\/wp-json\/wp\/v2\/media?parent=131"}],"curies":[{"name":"wp","href":"https:\/\/api.w.org\/{rel}","templated":true}]}}

<div class="gb-container gb-container-faa57ecf"><div class="gb-inside-container">

<h2 class="gb-headline gb-headline-f38e2514 gb-headline-text">Presentació del MOT 2026</h2>


<div class="gb-container gb-container-ac367110">

<a class="gb-button gb-button-7121ddda gb-button-text" href="https://festivalmot.cat/edicions/2026/wp-content/uploads/2026/03/NdP-12e-Festival-MOT_2026_MARC.pdf" target="_blank" rel="noopener noreferrer">NOTA DE PREMSA</a>



<a class="gb-button gb-button-35543bfd gb-button-text" href="https://drive.google.com/file/d/1QuIkZD6GLmWK1Q3abNYpU239zNlr3GO_/view?usp=sharing" target="_blank" rel="noopener noreferrer">DOSSIER DE PREMSA</a>



<a class="gb-button gb-button-0b4bfd89 gb-button-text" href="https://drive.google.com/drive/folders/1PjqyYiy6mAn6GpBo_zCd-yd5BsWkWlCv?usp=sharing" target="_blank" rel="noopener noreferrer">FOTOS RODA DE PREMSA</a>

</div>

<div class="gb-container gb-container-6270dff8">

<a class="gb-button gb-button-0e5bcb43 gb-button-text" href="https://drive.google.com/drive/folders/1SNpDmjfUU1O0yU-yh4my-aF26WFOYG_6?usp=sharing" target="_blank" rel="noopener noreferrer">FOTOS DEL MOT 2026</a>



<a class="gb-button gb-button-1298b4f4 gb-button-text" href="https://drive.google.com/drive/folders/1W1PUbHu1iAZMAcQm02y3kFHS3m1nsJRR?usp=sharing" target="_blank" rel="noopener noreferrer">FOTOS AUTORS</a>

</div>
</div></div>

<div class="gb-container gb-container-cb3fad9a"><div class="gb-inside-container">

<h2 class="gb-headline gb-headline-ab81a3e4 gb-headline-text">Imatge gràfica i primers autors confirmats del MOT 2026</h2>


<div class="gb-container gb-container-9cfa6263">

<a class="gb-button gb-button-b2ca3fc8 gb-button-text" href="https://festivalmot.cat/edicions/2026/wp-content/uploads/2025/11/Ndp_Primers-noms-MOT_2026.pdf" target="_blank" rel="noopener noreferrer">NOTA DE PREMSA</a>



<a class="gb-button gb-button-b92efb4b gb-button-text" href="https://drive.google.com/drive/folders/1w7_5doSyKRK9rzvDXJkAzvZU3tChmaCJ?usp=sharing" target="_blank" rel="noopener noreferrer">CARTELL MOT 2026</a>



<a class="gb-button gb-button-5cf17ac8 gb-button-text" href="https://drive.google.com/drive/folders/1W1PUbHu1iAZMAcQm02y3kFHS3m1nsJRR?usp=sharing" target="_blank" rel="noopener noreferrer">IMATGES PARTICIPANTS 2026</a>

</div>
</div></div>

<div class="gb-container gb-container-eb3fc516"><div class="gb-inside-container">

<h2 class="gb-headline gb-headline-3417b5a3 gb-headline-text">Presentació del tema i comissariat del MOT 2026</h2>


<div class="gb-container gb-container-47659a16">

<a class="gb-button gb-button-0750250a gb-button-text" href="https://festivalmot.cat/edicions/2026/wp-content/uploads/2025/11/NP_MOT-2026_tema-i-comissaria__.pdf" target="_blank" rel="noopener noreferrer">NOTA DE PREMSA</a>



<a class="gb-button gb-button-b7df2e0f gb-button-text" href="https://festivalmot.cat/edicions/2026/wp-content/uploads/2025/11/Eva-Vazquez_foto-Marti-Albesa-scaled.jpg" target="_blank" rel="noopener noreferrer">FOTOGRAFIA DE LA COMISSÀRIA</a>

</div>
</div></div>


<h2 class="gb-headline gb-headline-de92e933 gb-headline-text">Edicions anteriors</h2>


<div class="gb-grid-wrapper gb-grid-wrapper-ae98f63a">
<div class="gb-grid-column gb-grid-column-604fa9a6"><div class="gb-container gb-container-604fa9a6"><div class="gb-inside-container">
<div class="gb-container gb-container-12ad04af"><div class="gb-inside-container">

<h4 class="gb-headline gb-headline-d45e4f5b gb-headline-text">Fotografies d&#8217;ambient &#8211; Edicions anteriors</h4>


<div class="gb-button-wrapper gb-button-wrapper-22a148e3">

<a class="gb-button gb-button-710e9b6d gb-button-text" href="https://drive.google.com/drive/folders/1-WgfePREAMi0aXFCqOd_w9Nu6fHBaIhM?usp=sharing" target="_blank" rel="noopener noreferrer">Descarregar imatges</a>

</div>
</div></div>
</div></div></div>

<div class="gb-grid-column gb-grid-column-6050d71b"><div class="gb-container gb-container-6050d71b"><div class="gb-inside-container">

<h4 class="gb-headline gb-headline-4f192594 gb-headline-text">Fotografies del MOT INS &#8211; Edicions anteriors</h4>


<div class="gb-button-wrapper gb-button-wrapper-b3a39fe2">

<a class="gb-button gb-button-f922c115 gb-button-text" href="https://drive.google.com/drive/folders/1fHotktgqqWI4AFIXPnjqlVUSGdMMbx2c?usp=sharing" target="_blank" rel="noopener noreferrer">Descarregar imatges</a>

</div>
</div></div></div>
</div>

<p>Presentació del MOT 2026 Imatge gràfica i primers autors confirmats del MOT 2026 Presentació del tema i comissariat del MOT 2026 Edicions anteriors</p>
