{"id":118,"date":"2021-02-12T10:47:50","date_gmt":"2021-02-12T10:47:50","guid":{"rendered":"https:\/\/festivalmot.cat\/?page_id=118"},"modified":"2026-02-04T10:59:39","modified_gmt":"2026-02-04T10:59:39","slug":"equip","status":"publish","type":"page","link":"https:\/\/festivalmot.cat\/edicions\/2026\/equip\/","title":{"rendered":"Equip"},"content":{"rendered":"<div class=\"gb-grid-wrapper gb-grid-wrapper-421e4c8d\">\n<div class=\"gb-grid-column gb-grid-column-fcd16db7\"><div class=\"gb-container gb-container-fcd16db7\"><div class=\"gb-inside-container\">\n\n<figure class=\"wp-block-image size-large is-resized icona-edicio\"><img decoding=\"async\" src=\"https:\/\/festivalmot.cat\/edicions\/2026\/wp-content\/uploads\/2021\/02\/quote-left-solid.svg\" alt=\"\" class=\"wp-image-107\" style=\"width:100px;height:100px\"\/><\/figure>\n\n<\/div><\/div><\/div>\n\n<div class=\"gb-grid-column gb-grid-column-230d290e\"><div class=\"gb-container gb-container-230d290e\"><div class=\"gb-inside-container\">\n\n<h3 class=\"gb-headline gb-headline-282a113c gb-headline-text\">HO ORGANITZEN<\/h3>\n\n\n\n<p>Ajuntament de Girona \u2013 <a href=\"http:\/\/www2.girona.cat\/ca\/ccm\" target=\"_blank\" rel=\"noreferrer noopener\">ESCOLA MUNICIPAL D\u2019HUMANITATS (EMHU)<\/a><\/p>\n\n\n\n<p>Ajuntament d\u2019Olot \u2013  <a rel=\"noreferrer noopener\" href=\"http:\/\/www.olotcultura.cat\/\" target=\"_blank\">\u00c0REA DE CULTURA I EDUCACI\u00d3<\/a><\/p>\n\n\n\n<h3 class=\"gb-headline gb-headline-7d02b7e9 gb-headline-text\">DIRECCI\u00d3<\/h3>\n\n\n\n<p>Gl\u00f2ria Granell Nogu\u00e9<\/p>\n\n\n\n<p>Ricard Sargatal Pont<\/p>\n\n\n\n<h3 class=\"gb-headline gb-headline-9c2313d3 gb-headline-text\">DIRECCI\u00d3 T\u00c8CNICA OLOT<\/h3>\n\n\n\n<p>\u00c0gata Losantos Vi\u00f1olas<\/p>\n\n\n\n<h3 class=\"gb-headline gb-headline-6618851f gb-headline-text\">COMISSARIAT<\/h3>\n\n\n\n<p>Eva V\u00e0zquez Rami\u00f3<\/p>\n\n\n\n<p><\/p>\n\n\n\n<h3 class=\"gb-headline gb-headline-cd80383a gb-headline-text\">COORDINACI\u00d3 GENERAL<\/h3>\n\n\n\n<p>Marta Grassot P\u00e9rez (Puntdefuga, gesti\u00f3 cultural SL)<\/p>\n\n\n\n<h3 class=\"gb-headline gb-headline-e1c7f688 gb-headline-text\">COORDINACI\u00d3 D&#8217;AUTORS<\/h3>\n\n\n\n<p>Elisenda Figueras Llaveria (Taleia Cultura)<\/p>\n\n\n\n<h3 class=\"gb-headline gb-headline-eb4e61e5 gb-headline-text\">COORDINACI\u00d3 MOT INS<\/h3>\n\n\n\n<p>Tramoia Produccions Culturals<\/p>\n\n\n\n<h3 class=\"gb-headline gb-headline-5f05ddbe gb-headline-text\">COMUNICACI\u00d3<\/h3>\n\n\n\n<p>Ferran G\u00f3mez Mart\u00ednez<\/p>\n\n\n\n<p>Rosa Rebugent Gelis<\/p>\n\n\n\n<p>\u00c0lex Olivares Gonz\u00e1lez<\/p>\n\n\n\n<p>Roger Ortiga Dalmau<\/p>\n\n\n\n<p>Nina Busquet<\/p>\n\n\n\n<p><\/p>\n\n\n\n<h3 class=\"gb-headline gb-headline-c83efc4d gb-headline-text\">ASSESSORAMENT I CORRECCI\u00d3 LING\u00dc\u00cdSTICA<\/h3>\n\n\n\n<p>Jenni Rod\u00e0 Casado<\/p>\n\n\n\n<h3 class=\"gb-headline gb-headline-d3be1b1b gb-headline-text\">DISSENY GR\u00c0FIC<\/h3>\n\n\n\n<p>Ariadna Argelaguet (De Bezzi estudi)<\/p>\n\n\n\n<p><\/p>\n\n\n\n<h3 class=\"gb-headline gb-headline-54a8c342 gb-headline-text\">ESPOT<\/h3>\n\n\n\n<p>Eduard Miquel (Goita! Audiovisuals)<\/p>\n\n\n\n<h3 class=\"gb-headline gb-headline-76ad594c gb-headline-text\">PREMSA<\/h3>\n\n\n\n<p>Alicia G. N\u00fa\u00f1ez i Alexia Paris&nbsp;(Newlink)<\/p>\n\n\n\n<h3 class=\"gb-headline gb-headline-974f9039 gb-headline-text\">DISSENY WEB<\/h3>\n\n\n\n<p>Oriol Carbonell Pujol\u00e0s (T\u00e0ndem)<\/p>\n\n\n\n<h3 class=\"gb-headline gb-headline-5ce329f0 gb-headline-text\">V\u00cdDEO<\/h3>\n\n\n\n<p>Ferran Castanyer Ferran (Leeksonfilms)<\/p>\n\n\n\n<h3 class=\"gb-headline gb-headline-d334d1f9 gb-headline-text\">FOTOGRAFIA<\/h3>\n\n\n\n<p>Mart\u00ed Albesa Casta\u00f1er<\/p>\n\n\n\n<h3 class=\"gb-headline gb-headline-a21b587f gb-headline-text\">PRODUCCI\u00d3 T\u00c8CNICA D&#8217;ESPAIS<\/h3>\n\n\n\n<p>CLIP So, llum i imatge<\/p>\n\n\n\n<p>La Caraba Produccions<\/p>\n\n\n\n<h3 class=\"gb-headline gb-headline-1d82bb39 gb-headline-text\">GESTI\u00d3 ECON\u00d2MICA I ADMINISTRATIVA<\/h3>\n\n\n\n<p>Susanna Alsina Coll<\/p>\n\n\n\n<p>Montse Bohigas Pujol<\/p>\n\n\n\n<p>Montse Fuy\u00e0 Pijoan<\/p>\n\n\n\n<h3 class=\"gb-headline gb-headline-08def411 gb-headline-text\">ORGANITZADORS DELS CLUBS DE LECTURA &#8220;LLEGIM EL MOT&#8221; <\/h3>\n\n\n\n<p>Ajuntament d&#8217;Olot<\/p>\n\n\n\n<p>Biblioteques de Girona<\/p>\n\n\n\n<h3 class=\"gb-headline gb-headline-c5b0dead gb-headline-text\">LLIBRERIES<\/h3>\n\n\n\n<p>Gremi de Llibreters de Catalunya<\/p>\n\n\n\n<p>Llibreries de Girona i Olot<\/p>\n\n\n\n<h3 class=\"gb-headline gb-headline-7aeb0a69 gb-headline-text\">ORGANISMES CENTRES EDUCATIUS I ENTITATS COL\u00b7LABORADORES AMB EL MOT INS<\/h3>\n\n\n\n<p>Centres de secund\u00e0ria de la Garrotxa i el Giron\u00e8s<\/p>\n\n\n\n<p>Centre de Recursos Pedag\u00f2gics de la Garrotxa<\/p>\n\n\n\n<p>Centre de Recursos Pedag\u00f2gics del Giron\u00e8s<\/p>\n\n\n\n<p><\/p>\n\n<\/div><\/div><\/div>\n<\/div>\n\n\n<p><\/p>\n","protected":false},"excerpt":{"rendered":"","protected":false},"author":1,"featured_media":0,"parent":0,"menu_order":0,"comment_status":"closed","ping_status":"closed","template":"","meta":{"_acf_changed":false,"inline_featured_image":false,"footnotes":""},"class_list":["post-118","page","type-page","status-publish"],"acf":[],"_links":{"self":[{"href":"https:\/\/festivalmot.cat\/edicions\/2026\/wp-json\/wp\/v2\/pages\/118","targetHints":{"allow":["GET"]}}],"collection":[{"href":"https:\/\/festivalmot.cat\/edicions\/2026\/wp-json\/wp\/v2\/pages"}],"about":[{"href":"https:\/\/festivalmot.cat\/edicions\/2026\/wp-json\/wp\/v2\/types\/page"}],"author":[{"embeddable":true,"href":"https:\/\/festivalmot.cat\/edicions\/2026\/wp-json\/wp\/v2\/users\/1"}],"replies":[{"embeddable":true,"href":"https:\/\/festivalmot.cat\/edicions\/2026\/wp-json\/wp\/v2\/comments?post=118"}],"version-history":[{"count":40,"href":"https:\/\/festivalmot.cat\/edicions\/2026\/wp-json\/wp\/v2\/pages\/118\/revisions"}],"predecessor-version":[{"id":14209,"href":"https:\/\/festivalmot.cat\/edicions\/2026\/wp-json\/wp\/v2\/pages\/118\/revisions\/14209"}],"wp:attachment":[{"href":"https:\/\/festivalmot.cat\/edicions\/2026\/wp-json\/wp\/v2\/media?parent=118"}],"curies":[{"name":"wp","href":"https:\/\/api.w.org\/{rel}","templated":true}]}}

<div class="gb-grid-wrapper gb-grid-wrapper-421e4c8d">
<div class="gb-grid-column gb-grid-column-fcd16db7"><div class="gb-container gb-container-fcd16db7"><div class="gb-inside-container">

<figure class="wp-block-image size-large is-resized icona-edicio"><img decoding="async" src="https://festivalmot.cat/edicions/2026/wp-content/uploads/2021/02/quote-left-solid.svg" alt="" class="wp-image-107" style="width:100px;height:100px"/></figure>

</div></div></div>

<div class="gb-grid-column gb-grid-column-230d290e"><div class="gb-container gb-container-230d290e"><div class="gb-inside-container">

<h3 class="gb-headline gb-headline-282a113c gb-headline-text">HO ORGANITZEN</h3>



<p>Ajuntament de Girona – <a href="http://www2.girona.cat/ca/ccm" target="_blank" rel="noreferrer noopener">ESCOLA MUNICIPAL D’HUMANITATS (EMHU)</a></p>



<p>Ajuntament d’Olot –  <a rel="noreferrer noopener" href="http://www.olotcultura.cat/" target="_blank">ÀREA DE CULTURA I EDUCACIÓ</a></p>



<h3 class="gb-headline gb-headline-7d02b7e9 gb-headline-text">DIRECCIÓ</h3>



<p>Glòria Granell Nogué</p>



<p>Ricard Sargatal Pont</p>



<h3 class="gb-headline gb-headline-9c2313d3 gb-headline-text">DIRECCIÓ TÈCNICA OLOT</h3>



<p>Àgata Losantos Viñolas</p>



<h3 class="gb-headline gb-headline-6618851f gb-headline-text">COMISSARIAT</h3>



<p>Eva Vàzquez Ramió</p>



<p></p>



<h3 class="gb-headline gb-headline-cd80383a gb-headline-text">COORDINACIÓ GENERAL</h3>



<p>Marta Grassot Pérez (Puntdefuga, gestió cultural SL)</p>



<h3 class="gb-headline gb-headline-e1c7f688 gb-headline-text">COORDINACIÓ D&#8217;AUTORS</h3>



<p>Elisenda Figueras Llaveria (Taleia Cultura)</p>



<h3 class="gb-headline gb-headline-eb4e61e5 gb-headline-text">COORDINACIÓ MOT INS</h3>



<p>Tramoia Produccions Culturals</p>



<h3 class="gb-headline gb-headline-5f05ddbe gb-headline-text">COMUNICACIÓ</h3>



<p>Ferran Gómez Martínez</p>



<p>Rosa Rebugent Gelis</p>



<p>Àlex Olivares González</p>



<p>Roger Ortiga Dalmau</p>



<p>Nina Busquet</p>



<p></p>



<h3 class="gb-headline gb-headline-c83efc4d gb-headline-text">ASSESSORAMENT I CORRECCIÓ LINGÜÍSTICA</h3>



<p>Jenni Rodà Casado</p>



<h3 class="gb-headline gb-headline-d3be1b1b gb-headline-text">DISSENY GRÀFIC</h3>



<p>Ariadna Argelaguet (De Bezzi estudi)</p>



<p></p>



<h3 class="gb-headline gb-headline-54a8c342 gb-headline-text">ESPOT</h3>



<p>Eduard Miquel (Goita! Audiovisuals)</p>



<h3 class="gb-headline gb-headline-76ad594c gb-headline-text">PREMSA</h3>



<p>Alicia G. Núñez i Alexia Paris&nbsp;(Newlink)</p>



<h3 class="gb-headline gb-headline-974f9039 gb-headline-text">DISSENY WEB</h3>



<p>Oriol Carbonell Pujolàs (Tàndem)</p>



<h3 class="gb-headline gb-headline-5ce329f0 gb-headline-text">VÍDEO</h3>



<p>Ferran Castanyer Ferran (Leeksonfilms)</p>



<h3 class="gb-headline gb-headline-d334d1f9 gb-headline-text">FOTOGRAFIA</h3>



<p>Martí Albesa Castañer</p>



<h3 class="gb-headline gb-headline-a21b587f gb-headline-text">PRODUCCIÓ TÈCNICA D&#8217;ESPAIS</h3>



<p>CLIP So, llum i imatge</p>



<p>La Caraba Produccions</p>



<h3 class="gb-headline gb-headline-1d82bb39 gb-headline-text">GESTIÓ ECONÒMICA I ADMINISTRATIVA</h3>



<p>Susanna Alsina Coll</p>



<p>Montse Bohigas Pujol</p>



<p>Montse Fuyà Pijoan</p>



<h3 class="gb-headline gb-headline-08def411 gb-headline-text">ORGANITZADORS DELS CLUBS DE LECTURA &#8220;LLEGIM EL MOT&#8221; </h3>



<p>Ajuntament d&#8217;Olot</p>



<p>Biblioteques de Girona</p>



<h3 class="gb-headline gb-headline-c5b0dead gb-headline-text">LLIBRERIES</h3>



<p>Gremi de Llibreters de Catalunya</p>



<p>Llibreries de Girona i Olot</p>



<h3 class="gb-headline gb-headline-7aeb0a69 gb-headline-text">ORGANISMES CENTRES EDUCATIUS I ENTITATS COL·LABORADORES AMB EL MOT INS</h3>



<p>Centres de secundària de la Garrotxa i el Gironès</p>



<p>Centre de Recursos Pedagògics de la Garrotxa</p>



<p>Centre de Recursos Pedagògics del Gironès</p>



<p></p>

</div></div></div>
</div>


<p></p>
