{"id":14110,"date":"2026-01-19T17:43:41","date_gmt":"2026-01-19T17:43:41","guid":{"rendered":"https:\/\/festivalmot.cat\/edicions\/2026\/?post_type=actes&#038;p=14110"},"modified":"2026-02-25T16:55:59","modified_gmt":"2026-02-25T16:55:59","slug":"presentacio-daccio-de-gracies-per-una-casa-dstefanie-kremser-acompanyada-per-mita-casacuberta","status":"publish","type":"actes","link":"https:\/\/festivalmot.cat\/edicions\/2026\/actes\/presentacio-daccio-de-gracies-per-una-casa-dstefanie-kremser-acompanyada-per-mita-casacuberta\/","title":{"rendered":"Presentaci\u00f3 del llibre &#8220;Acci\u00f3 de gr\u00e0cies per una casa&#8221;, d&#8217;Stefanie Kremser"},"featured_media":14111,"template":"","categories_actes":[28],"class_list":["post-14110","actes","type-actes","status-publish","has-post-thumbnail","hentry","categories_actes-mot-olot"],"acf":[],"_links":{"self":[{"href":"https:\/\/festivalmot.cat\/edicions\/2026\/wp-json\/wp\/v2\/actes\/14110","targetHints":{"allow":["GET"]}}],"collection":[{"href":"https:\/\/festivalmot.cat\/edicions\/2026\/wp-json\/wp\/v2\/actes"}],"about":[{"href":"https:\/\/festivalmot.cat\/edicions\/2026\/wp-json\/wp\/v2\/types\/actes"}],"wp:featuredmedia":[{"embeddable":true,"href":"https:\/\/festivalmot.cat\/edicions\/2026\/wp-json\/wp\/v2\/media\/14111"}],"wp:attachment":[{"href":"https:\/\/festivalmot.cat\/edicions\/2026\/wp-json\/wp\/v2\/media?parent=14110"}],"wp:term":[{"taxonomy":"categories_actes","embeddable":true,"href":"https:\/\/festivalmot.cat\/edicions\/2026\/wp-json\/wp\/v2\/categories_actes?post=14110"}],"curies":[{"name":"wp","href":"https:\/\/api.w.org\/{rel}","templated":true}]}}

Presentació del llibre &#8220;Acció de gràcies per una casa&#8221;, d&#8217;Stefanie Kremser
