{"id":9376,"date":"2022-11-18T18:00:30","date_gmt":"2022-11-18T18:00:30","guid":{"rendered":"https:\/\/festivalmot.cat\/?page_id=9376"},"modified":"2025-03-12T16:34:04","modified_gmt":"2025-03-12T16:34:04","slug":"tema-i-comissariat","status":"publish","type":"page","link":"https:\/\/festivalmot.cat\/edicions\/2025\/tema-i-comissariat\/","title":{"rendered":"Tema i comissariat"},"content":{"rendered":"\n<hr class=\"wp-block-separator has-alpha-channel-opacity\"\/>\n\n\n\n<h2 class=\"gb-headline gb-headline-70b29f62 gb-headline-text\"><strong>M\u00e9s noms per a l&#8217;amor<\/strong><\/h2>\n\n\n\n<p>Maria-Merc\u00e8 Mar\u00e7al va escriure \u201cun altre nom, si us plau, per a l\u2019amor\u201d, un vers que ens convida a repensar els models d\u2019amor heretats i a confiar en el llenguatge per explorar-ne de nous. Si b\u00e9 l\u2019amor t\u00e9 m\u00faltiples accepcions, sabem que un ox\u00edmoron com el maltractament no en pot formar part, i que la definici\u00f3 aristot\u00e8lica d\u2019amor com l\u2019encontre entre persones nobles que es fan el b\u00e9 segueix essent lluminosa.<\/p>\n\n\n\n<p>L\u2019amor que plantegem tampoc ha de ser, necess\u00e0riament, cosa de dos. Qui gosa no anomenar com a amor noves maneres de relaci\u00f3 sexoafectiva com el poliamor? Per incloure tothom, partim de <strong><em>l\u2019entred\u00f3s<\/em><\/strong>, que, segons el diccionari, \u00e9s la \u2018tira estreta de punta, brodat, tul o punt reixat que hom posa com a adornament entre dues peces de roba\u2019. Dos teixits que s\u2019uneixen i cada un d\u2019ells t\u00e9 un entramat i una mat\u00e8ria primera pr\u00f2pia: un ser dos sense deixar de ser un cadasc\u00fa.<\/p>\n\n\n\n<p>L\u2019amor muta i es reinventa: prova d\u2019actualitzar-se en un m\u00f3n ple de canvis trepidants i de tradicions inamovibles. De vegades l\u2019amor \u00e9s d\u00f2cil i s\u2019adapta; en d\u2019altres ocasions \u00e9s rebel i subverteix l\u2019ordre donat. Al festival MOT d\u2019enguany volem trobar tants noms com sigui possible per a l\u2019amor i els seus vincles amb el dolor, l\u2019autoestima, la subversi\u00f3, el temps, noblesa, la passi\u00f3\u2026 L\u2019objectiu \u00e9s el mateix que quan llegim un bon llibre: adquirir noves capacitats per veure la realitat amb m\u00e9s camp de visi\u00f3, perqu\u00e8 som qui arribem a ser gr\u00e0cies als llibres que hem llegit i fins a on hem estat capa\u00e7os d\u2019estimar.\u00a0<\/p>\n\n\n\n<p>Montse Barderi<\/p>\n\n\n\n<hr class=\"wp-block-separator has-alpha-channel-opacity\"\/>\n\n\n<div class=\"gb-container gb-container-8bfa1f49\"><div class=\"gb-inside-container\">\n<div class=\"gb-grid-wrapper gb-grid-wrapper-f2ad4869\">\n<div class=\"gb-grid-column gb-grid-column-9801d19f\"><div class=\"gb-container gb-container-9801d19f\"><div class=\"gb-inside-container\">\n\n<figure class=\"gb-block-image gb-block-image-8bf5cca9\"><img loading=\"lazy\" decoding=\"async\" width=\"1500\" height=\"1500\" class=\"gb-image gb-image-8bf5cca9\" src=\"https:\/\/festivalmot.cat\/edicions\/2025\/wp-content\/uploads\/2025\/01\/Montse-Barderi.jpg\" alt=\"\" title=\"Montse Barderi\" srcset=\"https:\/\/festivalmot.cat\/edicions\/2025\/wp-content\/uploads\/2025\/01\/Montse-Barderi.jpg 1500w, https:\/\/festivalmot.cat\/edicions\/2025\/wp-content\/uploads\/2025\/01\/Montse-Barderi-300x300.jpg 300w, https:\/\/festivalmot.cat\/edicions\/2025\/wp-content\/uploads\/2025\/01\/Montse-Barderi-1024x1024.jpg 1024w, https:\/\/festivalmot.cat\/edicions\/2025\/wp-content\/uploads\/2025\/01\/Montse-Barderi-150x150.jpg 150w, https:\/\/festivalmot.cat\/edicions\/2025\/wp-content\/uploads\/2025\/01\/Montse-Barderi-768x768.jpg 768w, https:\/\/festivalmot.cat\/edicions\/2025\/wp-content\/uploads\/2025\/01\/Montse-Barderi-400x400.jpg 400w, https:\/\/festivalmot.cat\/edicions\/2025\/wp-content\/uploads\/2025\/01\/Montse-Barderi-600x600.jpg 600w\" sizes=\"auto, (max-width: 1500px) 100vw, 1500px\" \/><\/figure>\n\n<\/div><\/div><\/div>\n\n<div class=\"gb-grid-column gb-grid-column-1182ce1f\"><div class=\"gb-container gb-container-1182ce1f\"><div class=\"gb-inside-container\">\n\n<h3 class=\"gb-headline gb-headline-a4a27d49 gb-headline-text\"><strong>Montse Barderi, comiss\u00e0ria del MOT 2025<\/strong><\/h3>\n\n\n\n<p>Montse Barderi&nbsp;Palau (Sabadell, 1969). Escriptora, especialista en estudis de g\u00e8nere, fil\u00f2sofa, periodista cultural i articulista d\u2019opini\u00f3. \u00c9s autora de tretze llibres que inclouen novel\u00b7les, llibres de filosofia pr\u00e0ctica i literatura infantil i juvenil. Tradu\u00efda a diversos idiomes. Patrona Fundadora de la Fundaci\u00f3 Maria-Merc\u00e8 Mar\u00e7al. Premi Prudenci Bertrana de la Novel.la 2019. Comiss\u00e0ria de l\u2019Any Teresa P\u00e0mies per la Instituci\u00f3 de les Lletres Catalanes. Coordinadora de Sabadell Capital de la Cultura Catalana 2024. Aquest darrer any ha col\u00b7laborat al programa <em>Planta Baixa<\/em> de Tv3, a la secci\u00f3 <em>Tribuna<\/em> del Punt Avui i al <em>Aqu\u00ed, Catalunya<\/em> de Cadena Ser i a <em>La Maleta de Portbou<\/em>, revista d\u2019humanitats i economia. Pel que fa a l\u2019amor ha publicat el llibre de filosofia divulgativa <em>El amor no duele<\/em> (Urano, 2016) i <em>Manual d\u2019amor aristot\u00e8lic per a dones del segle XXI<\/em> (Destino, 2020) i&nbsp;\u00e9s coautora de <em>Satisfaiers <\/em>(Columna, 2023). Actualment col.labora cada divendres al programa <em>La Selva<\/em> de Tv3 amb Xavier Grasset.&nbsp;<br><\/p>\n\n<\/div><\/div><\/div>\n<\/div>\n<\/div><\/div>\n\n\n<p><\/p>\n","protected":false},"excerpt":{"rendered":"<p>M\u00e9s noms per a l&#8217;amor Maria-Merc\u00e8 Mar\u00e7al va escriure \u201cun altre nom, si us plau, per a l\u2019amor\u201d, un vers que ens convida a repensar els models d\u2019amor heretats i a confiar en el llenguatge per explorar-ne de nous. Si b\u00e9 l\u2019amor t\u00e9 m\u00faltiples accepcions, sabem que un ox\u00edmoron com el maltractament no en pot &#8230; <a title=\"Tema i comissariat\" class=\"read-more\" href=\"https:\/\/festivalmot.cat\/edicions\/2025\/tema-i-comissariat\/\" aria-label=\"M\u00e9s informaci\u00f3 sobre Tema i comissariat\">Continua llegint<\/a><\/p>\n","protected":false},"author":1,"featured_media":0,"parent":0,"menu_order":0,"comment_status":"closed","ping_status":"closed","template":"","meta":{"_acf_changed":false,"inline_featured_image":false,"footnotes":""},"class_list":["post-9376","page","type-page","status-publish"],"acf":[],"_links":{"self":[{"href":"https:\/\/festivalmot.cat\/edicions\/2025\/wp-json\/wp\/v2\/pages\/9376","targetHints":{"allow":["GET"]}}],"collection":[{"href":"https:\/\/festivalmot.cat\/edicions\/2025\/wp-json\/wp\/v2\/pages"}],"about":[{"href":"https:\/\/festivalmot.cat\/edicions\/2025\/wp-json\/wp\/v2\/types\/page"}],"author":[{"embeddable":true,"href":"https:\/\/festivalmot.cat\/edicions\/2025\/wp-json\/wp\/v2\/users\/1"}],"replies":[{"embeddable":true,"href":"https:\/\/festivalmot.cat\/edicions\/2025\/wp-json\/wp\/v2\/comments?post=9376"}],"version-history":[{"count":18,"href":"https:\/\/festivalmot.cat\/edicions\/2025\/wp-json\/wp\/v2\/pages\/9376\/revisions"}],"predecessor-version":[{"id":13980,"href":"https:\/\/festivalmot.cat\/edicions\/2025\/wp-json\/wp\/v2\/pages\/9376\/revisions\/13980"}],"wp:attachment":[{"href":"https:\/\/festivalmot.cat\/edicions\/2025\/wp-json\/wp\/v2\/media?parent=9376"}],"curies":[{"name":"wp","href":"https:\/\/api.w.org\/{rel}","templated":true}]}}

<hr class="wp-block-separator has-alpha-channel-opacity"/>



<h2 class="gb-headline gb-headline-70b29f62 gb-headline-text"><strong>Més noms per a l&#8217;amor</strong></h2>



<p>Maria-Mercè Marçal va escriure “un altre nom, si us plau, per a l’amor”, un vers que ens convida a repensar els models d’amor heretats i a confiar en el llenguatge per explorar-ne de nous. Si bé l’amor té múltiples accepcions, sabem que un oxímoron com el maltractament no en pot formar part, i que la definició aristotèlica d’amor com l’encontre entre persones nobles que es fan el bé segueix essent lluminosa.</p>



<p>L’amor que plantegem tampoc ha de ser, necessàriament, cosa de dos. Qui gosa no anomenar com a amor noves maneres de relació sexoafectiva com el poliamor? Per incloure tothom, partim de <strong><em>l’entredós</em></strong>, que, segons el diccionari, és la ‘tira estreta de punta, brodat, tul o punt reixat que hom posa com a adornament entre dues peces de roba’. Dos teixits que s’uneixen i cada un d’ells té un entramat i una matèria primera pròpia: un ser dos sense deixar de ser un cadascú.</p>



<p>L’amor muta i es reinventa: prova d’actualitzar-se en un món ple de canvis trepidants i de tradicions inamovibles. De vegades l’amor és dòcil i s’adapta; en d’altres ocasions és rebel i subverteix l’ordre donat. Al festival MOT d’enguany volem trobar tants noms com sigui possible per a l’amor i els seus vincles amb el dolor, l’autoestima, la subversió, el temps, noblesa, la passió… L’objectiu és el mateix que quan llegim un bon llibre: adquirir noves capacitats per veure la realitat amb més camp de visió, perquè som qui arribem a ser gràcies als llibres que hem llegit i fins a on hem estat capaços d’estimar. </p>



<p>Montse Barderi</p>



<hr class="wp-block-separator has-alpha-channel-opacity"/>


<div class="gb-container gb-container-8bfa1f49"><div class="gb-inside-container">
<div class="gb-grid-wrapper gb-grid-wrapper-f2ad4869">
<div class="gb-grid-column gb-grid-column-9801d19f"><div class="gb-container gb-container-9801d19f"><div class="gb-inside-container">

<figure class="gb-block-image gb-block-image-8bf5cca9"><img loading="lazy" decoding="async" width="1500" height="1500" class="gb-image gb-image-8bf5cca9" src="https://festivalmot.cat/edicions/2025/wp-content/uploads/2025/01/Montse-Barderi.jpg" alt="" title="Montse Barderi" srcset="https://festivalmot.cat/edicions/2025/wp-content/uploads/2025/01/Montse-Barderi.jpg 1500w, https://festivalmot.cat/edicions/2025/wp-content/uploads/2025/01/Montse-Barderi-300x300.jpg 300w, https://festivalmot.cat/edicions/2025/wp-content/uploads/2025/01/Montse-Barderi-1024x1024.jpg 1024w, https://festivalmot.cat/edicions/2025/wp-content/uploads/2025/01/Montse-Barderi-150x150.jpg 150w, https://festivalmot.cat/edicions/2025/wp-content/uploads/2025/01/Montse-Barderi-768x768.jpg 768w, https://festivalmot.cat/edicions/2025/wp-content/uploads/2025/01/Montse-Barderi-400x400.jpg 400w, https://festivalmot.cat/edicions/2025/wp-content/uploads/2025/01/Montse-Barderi-600x600.jpg 600w" sizes="auto, (max-width: 1500px) 100vw, 1500px" /></figure>

</div></div></div>

<div class="gb-grid-column gb-grid-column-1182ce1f"><div class="gb-container gb-container-1182ce1f"><div class="gb-inside-container">

<h3 class="gb-headline gb-headline-a4a27d49 gb-headline-text"><strong>Montse Barderi, comissària del MOT 2025</strong></h3>



<p>Montse Barderi&nbsp;Palau (Sabadell, 1969). Escriptora, especialista en estudis de gènere, filòsofa, periodista cultural i articulista d’opinió. És autora de tretze llibres que inclouen novel·les, llibres de filosofia pràctica i literatura infantil i juvenil. Traduïda a diversos idiomes. Patrona Fundadora de la Fundació Maria-Mercè Marçal. Premi Prudenci Bertrana de la Novel.la 2019. Comissària de l’Any Teresa Pàmies per la Institució de les Lletres Catalanes. Coordinadora de Sabadell Capital de la Cultura Catalana 2024. Aquest darrer any ha col·laborat al programa <em>Planta Baixa</em> de Tv3, a la secció <em>Tribuna</em> del Punt Avui i al <em>Aquí, Catalunya</em> de Cadena Ser i a <em>La Maleta de Portbou</em>, revista d’humanitats i economia. Pel que fa a l’amor ha publicat el llibre de filosofia divulgativa <em>El amor no duele</em> (Urano, 2016) i <em>Manual d’amor aristotèlic per a dones del segle XXI</em> (Destino, 2020) i&nbsp;és coautora de <em>Satisfaiers </em>(Columna, 2023). Actualment col.labora cada divendres al programa <em>La Selva</em> de Tv3 amb Xavier Grasset.&nbsp;<br></p>

</div></div></div>
</div>
</div></div>


<p></p>

<p>Més noms per a l&#8217;amor Maria-Mercè Marçal va escriure “un altre nom, si us plau, per a l’amor”, un vers que ens convida a repensar els models d’amor heretats i a confiar en el llenguatge per explorar-ne de nous. Si bé l’amor té múltiples accepcions, sabem que un oxímoron com el maltractament no en pot &#8230; <a title="Tema i comissariat" class="read-more" href="https://festivalmot.cat/edicions/2025/tema-i-comissariat/" aria-label="Més informació sobre Tema i comissariat">Continua llegint</a></p>
