{"id":8593,"date":"2022-01-10T11:24:53","date_gmt":"2022-01-10T11:24:53","guid":{"rendered":"https:\/\/festivalmot.cat\/?page_id=8593"},"modified":"2025-01-28T18:38:36","modified_gmt":"2025-01-28T18:38:36","slug":"llegim-el-mot","status":"publish","type":"page","link":"https:\/\/festivalmot.cat\/edicions\/2025\/llegim-el-mot\/","title":{"rendered":"Llegim el MOT 2025"},"content":{"rendered":"<div class=\"gb-container gb-container-e12a7e29\">\n\n<p><strong>Llegim el MOT<\/strong>&nbsp;\u00e9s el m\u00f3n lector que envolta el festival, apropant i difonent el gust per la lectura i la literatura abans, durant i despr\u00e9s de les converses dels autors que ens visiten.<\/p>\n\n\n<div class=\"gb-container gb-container-5a2e6a46\">\n\n<p>El festival organitza Clubs de lectura a les biblioteques de Girona i Olot, elabora una guia de lectura amb les obres m\u00e9s destacades dels autors que visiten el festival i durant els dies del festival el p\u00fablic pot trobar una llibreria a les seus del MOT per si est\u00e0 interessat a adquirir exemplars de les obres dels autors.<\/p>\n\n\n\n<p><\/p>\n\n<\/div>\n<\/div>\n\n<div class=\"gb-container gb-container-2f5ff706\"><div class=\"gb-inside-container\">\n<div class=\"gb-grid-wrapper gb-grid-wrapper-e4c5f154\">\n<div class=\"gb-grid-column gb-grid-column-9b46f3e6\"><div class=\"gb-container gb-container-9b46f3e6\">\n\n<h2 class=\"gb-headline gb-headline-037cdb8d gb-headline-text\">Club de lectura de Girona<\/h2>\n\n\n\n<p><em>*Inscripcions a bibliotequesgirona.cat o trucant a les biblioteques<\/em><\/p>\n\n\n\n<p><strong>Dimarts 11\/02, 19 h<br><\/strong>Biblioteca Ernest Lluch<br><strong><em>La dona de D\u00e9u<\/em><\/strong>,&nbsp;<strong>d\u2019Amanda Mikhalopulu<\/strong><br>A c\u00e0rrec de Blai Gasull<\/p>\n\n\n\n<p><strong>Dimarts 18\/02, 18.30 h<br><\/strong>Dijous 20\/02, 18.30 h<br>Biblioteca Carles Rahola<br><strong><em>Napalm al cor<\/em>, de Pol Guasch<\/strong><br>A c\u00e0rrec de Raul S\u00e1nchez<br>&nbsp;&nbsp;<br><strong>Dijous 27\/02, 19 h<br><\/strong>Biblioteca Salvador Allende<br><strong><em>Benvolguda,&nbsp;<\/em>d\u2019Empar Moliner<\/strong><br>A c\u00e0rrec de Sergi M\u00farcia<br>&nbsp;<br><strong>Dijous 06\/03, 19 h<br><\/strong>Biblioteca Just M. Casero<br><strong><em>Alguien dice tu nombre<\/em>, de Luis Garc\u00eda Montero<\/strong><br>A c\u00e0rrec d\u2019Esteban Bernis<br>&nbsp;<br><strong>Dijous 13\/03, 19 h<br><\/strong>Biblioteca Ant\u00f2nia Adroher<br><strong><em>T\u00e0ndem<\/em>, de Maria Barbal<\/strong> A c\u00e0rrec de Jordi Garcia<\/p>\n\n<\/div><\/div>\n\n<div class=\"gb-grid-column gb-grid-column-1804fb75\"><div class=\"gb-container gb-container-1804fb75\">\n\n<h2 class=\"gb-headline gb-headline-c309520b gb-headline-text\">Club de lectura d&#8217;Olot<\/h2>\n\n\n\n<p><\/p>\n\n\n\n<p><strong>Dimarts 25\/02, 19 h<br><\/strong>Museu de la Garrotxa<br><strong><em>Com un batec en un micr\u00f2fon<\/em>, de Clara Queralt\u00f3<\/strong><br>A c\u00e0rrec d&#8217;Albert Grabulosa<br><em>*Inscripcions a partir del 27 de gener a la Biblioteca Mari\u00e0 Vayreda d&#8217;Olot<\/em><\/p>\n\n\n\n<p><strong>Dimarts 1\/04, 19 h<br><\/strong>Museu de la Garrotxa\u00a0\u00a0<br><strong><em>Amor i no<\/em>, d\u2019Alba Dalmau<\/strong><br>A c\u00e0rrec d&#8217;Albert Grabulosa<br><em>*Inscripcions a partir del 25 de febrer a la Biblioteca Mari\u00e0 Vayreda d&#8217;Olot<\/em><\/p>\n\n<\/div><\/div>\n<\/div>\n\n\n<p><\/p>\n\n<\/div><\/div>\n\n\n<div class=\"wp-block-columns is-layout-flex wp-container-core-columns-is-layout-9d6595d7 wp-block-columns-is-layout-flex\">\n<div class=\"wp-block-column is-layout-flow wp-block-column-is-layout-flow\" style=\"flex-basis:33.33%\"><\/div>\n\n\n\n<div class=\"wp-block-column is-layout-flow wp-block-column-is-layout-flow\" style=\"flex-basis:66.66%\"><\/div>\n<\/div>\n\n\n\n<p><\/p>\n","protected":false},"excerpt":{"rendered":"<p>Llegim el MOT&nbsp;\u00e9s el m\u00f3n lector que envolta el festival, apropant i difonent el gust per la lectura i la literatura abans, durant i despr\u00e9s de les converses dels autors que ens visiten. El festival organitza Clubs de lectura a les biblioteques de Girona i Olot, elabora una guia de lectura amb les obres m\u00e9s &#8230; <a title=\"Llegim el MOT 2025\" class=\"read-more\" href=\"https:\/\/festivalmot.cat\/edicions\/2025\/llegim-el-mot\/\" aria-label=\"M\u00e9s informaci\u00f3 sobre Llegim el MOT 2025\">Continua llegint<\/a><\/p>\n","protected":false},"author":1,"featured_media":0,"parent":0,"menu_order":0,"comment_status":"closed","ping_status":"closed","template":"","meta":{"_acf_changed":false,"inline_featured_image":false,"footnotes":""},"class_list":["post-8593","page","type-page","status-publish"],"acf":[],"_links":{"self":[{"href":"https:\/\/festivalmot.cat\/edicions\/2025\/wp-json\/wp\/v2\/pages\/8593","targetHints":{"allow":["GET"]}}],"collection":[{"href":"https:\/\/festivalmot.cat\/edicions\/2025\/wp-json\/wp\/v2\/pages"}],"about":[{"href":"https:\/\/festivalmot.cat\/edicions\/2025\/wp-json\/wp\/v2\/types\/page"}],"author":[{"embeddable":true,"href":"https:\/\/festivalmot.cat\/edicions\/2025\/wp-json\/wp\/v2\/users\/1"}],"replies":[{"embeddable":true,"href":"https:\/\/festivalmot.cat\/edicions\/2025\/wp-json\/wp\/v2\/comments?post=8593"}],"version-history":[{"count":97,"href":"https:\/\/festivalmot.cat\/edicions\/2025\/wp-json\/wp\/v2\/pages\/8593\/revisions"}],"predecessor-version":[{"id":13605,"href":"https:\/\/festivalmot.cat\/edicions\/2025\/wp-json\/wp\/v2\/pages\/8593\/revisions\/13605"}],"wp:attachment":[{"href":"https:\/\/festivalmot.cat\/edicions\/2025\/wp-json\/wp\/v2\/media?parent=8593"}],"curies":[{"name":"wp","href":"https:\/\/api.w.org\/{rel}","templated":true}]}}

<div class="gb-container gb-container-e12a7e29">

<p><strong>Llegim el MOT</strong>&nbsp;és el món lector que envolta el festival, apropant i difonent el gust per la lectura i la literatura abans, durant i després de les converses dels autors que ens visiten.</p>


<div class="gb-container gb-container-5a2e6a46">

<p>El festival organitza Clubs de lectura a les biblioteques de Girona i Olot, elabora una guia de lectura amb les obres més destacades dels autors que visiten el festival i durant els dies del festival el públic pot trobar una llibreria a les seus del MOT per si està interessat a adquirir exemplars de les obres dels autors.</p>



<p></p>

</div>
</div>

<div class="gb-container gb-container-2f5ff706"><div class="gb-inside-container">
<div class="gb-grid-wrapper gb-grid-wrapper-e4c5f154">
<div class="gb-grid-column gb-grid-column-9b46f3e6"><div class="gb-container gb-container-9b46f3e6">

<h2 class="gb-headline gb-headline-037cdb8d gb-headline-text">Club de lectura de Girona</h2>



<p><em>*Inscripcions a bibliotequesgirona.cat o trucant a les biblioteques</em></p>



<p><strong>Dimarts 11/02, 19 h<br></strong>Biblioteca Ernest Lluch<br><strong><em>La dona de Déu</em></strong>,&nbsp;<strong>d’Amanda Mikhalopulu</strong><br>A càrrec de Blai Gasull</p>



<p><strong>Dimarts 18/02, 18.30 h<br></strong>Dijous 20/02, 18.30 h<br>Biblioteca Carles Rahola<br><strong><em>Napalm al cor</em>, de Pol Guasch</strong><br>A càrrec de Raul Sánchez<br>&nbsp;&nbsp;<br><strong>Dijous 27/02, 19 h<br></strong>Biblioteca Salvador Allende<br><strong><em>Benvolguda,&nbsp;</em>d’Empar Moliner</strong><br>A càrrec de Sergi Múrcia<br>&nbsp;<br><strong>Dijous 06/03, 19 h<br></strong>Biblioteca Just M. Casero<br><strong><em>Alguien dice tu nombre</em>, de Luis García Montero</strong><br>A càrrec d’Esteban Bernis<br>&nbsp;<br><strong>Dijous 13/03, 19 h<br></strong>Biblioteca Antònia Adroher<br><strong><em>Tàndem</em>, de Maria Barbal</strong> A càrrec de Jordi Garcia</p>

</div></div>

<div class="gb-grid-column gb-grid-column-1804fb75"><div class="gb-container gb-container-1804fb75">

<h2 class="gb-headline gb-headline-c309520b gb-headline-text">Club de lectura d&#8217;Olot</h2>



<p></p>



<p><strong>Dimarts 25/02, 19 h<br></strong>Museu de la Garrotxa<br><strong><em>Com un batec en un micròfon</em>, de Clara Queraltó</strong><br>A càrrec d&#8217;Albert Grabulosa<br><em>*Inscripcions a partir del 27 de gener a la Biblioteca Marià Vayreda d&#8217;Olot</em></p>



<p><strong>Dimarts 1/04, 19 h<br></strong>Museu de la Garrotxa  <br><strong><em>Amor i no</em>, d’Alba Dalmau</strong><br>A càrrec d&#8217;Albert Grabulosa<br><em>*Inscripcions a partir del 25 de febrer a la Biblioteca Marià Vayreda d&#8217;Olot</em></p>

</div></div>
</div>


<p></p>

</div></div>


<div class="wp-block-columns is-layout-flex wp-container-core-columns-is-layout-9d6595d7 wp-block-columns-is-layout-flex">
<div class="wp-block-column is-layout-flow wp-block-column-is-layout-flow" style="flex-basis:33.33%"></div>



<div class="wp-block-column is-layout-flow wp-block-column-is-layout-flow" style="flex-basis:66.66%"></div>
</div>



<p></p>

<p>Llegim el MOT&nbsp;és el món lector que envolta el festival, apropant i difonent el gust per la lectura i la literatura abans, durant i després de les converses dels autors que ens visiten. El festival organitza Clubs de lectura a les biblioteques de Girona i Olot, elabora una guia de lectura amb les obres més &#8230; <a title="Llegim el MOT 2025" class="read-more" href="https://festivalmot.cat/edicions/2025/llegim-el-mot/" aria-label="Més informació sobre Llegim el MOT 2025">Continua llegint</a></p>
