{"id":46,"date":"2021-02-11T11:12:03","date_gmt":"2021-02-11T11:12:03","guid":{"rendered":"https:\/\/festivalmot.cat\/?page_id=46"},"modified":"2025-11-24T15:27:09","modified_gmt":"2025-11-24T15:27:09","slug":"festival-mot","status":"publish","type":"page","link":"https:\/\/festivalmot.cat\/edicions\/2025\/","title":{"rendered":"festival MOT"},"content":{"rendered":"\n<div style=\"height:40px\" aria-hidden=\"true\" class=\"wp-block-spacer\"><\/div>\n\n\n<div class=\"gb-container gb-container-d2b4953e\">\n<div class=\"gb-container gb-container-86fa4fde\">\n\n<h1 class=\"gb-headline gb-headline-cbe611af gb-headline-text\">M\u00c9S NOMS<br>PER A<br>L&#8217;AMOR<\/h1>\n\n\n\n<h3 class=\"gb-headline gb-headline-c2a8dce9 gb-headline-text\">del 17 al 29 de mar\u00e7<br>de 2025<\/h3>\n\n<\/div>\n\n<div class=\"gb-container gb-container-c04d5708\">\n\n<h4 class=\"gb-headline gb-headline-b9972e00 gb-headline-text\">Maria-Merc\u00e8 Mar\u00e7al va escriure \u201cun altre nom, si us plau, per a l\u2019amor\u201d, un vers que reclama nous models d\u2019amor i confia en el llenguatge per ampliar-ne o redefinir-ne el significat<\/h4>\n\n<\/div>\n<\/div>\n\n<div class=\"gb-container gb-container-4e3dc77f\">\n\n<h3 class=\"gb-headline gb-headline-8d311eaf gb-headline-text\">Mira totes les converses del mot<\/h3>\n\n\n\n<a class=\"gb-button gb-button-95e11ca2 gb-button-text\" href=\"https:\/\/www.youtube.com\/festivalmotcat\" target=\"_blank\" rel=\"noopener noreferrer\">VISITA<\/a>\n\n<\/div>","protected":false},"excerpt":{"rendered":"<p>M\u00c9S NOMSPER AL&#8217;AMOR del 17 al 29 de mar\u00e7de 2025 Maria-Merc\u00e8 Mar\u00e7al va escriure \u201cun altre nom, si us plau, per a l\u2019amor\u201d, un vers que reclama nous models d\u2019amor i confia en el llenguatge per ampliar-ne o redefinir-ne el significat Mira totes les converses del mot<\/p>\n","protected":false},"author":1,"featured_media":0,"parent":0,"menu_order":0,"comment_status":"closed","ping_status":"closed","template":"","meta":{"_acf_changed":false,"inline_featured_image":false,"footnotes":""},"class_list":["post-46","page","type-page","status-publish"],"acf":[],"_links":{"self":[{"href":"https:\/\/festivalmot.cat\/edicions\/2025\/wp-json\/wp\/v2\/pages\/46","targetHints":{"allow":["GET"]}}],"collection":[{"href":"https:\/\/festivalmot.cat\/edicions\/2025\/wp-json\/wp\/v2\/pages"}],"about":[{"href":"https:\/\/festivalmot.cat\/edicions\/2025\/wp-json\/wp\/v2\/types\/page"}],"author":[{"embeddable":true,"href":"https:\/\/festivalmot.cat\/edicions\/2025\/wp-json\/wp\/v2\/users\/1"}],"replies":[{"embeddable":true,"href":"https:\/\/festivalmot.cat\/edicions\/2025\/wp-json\/wp\/v2\/comments?post=46"}],"version-history":[{"count":224,"href":"https:\/\/festivalmot.cat\/edicions\/2025\/wp-json\/wp\/v2\/pages\/46\/revisions"}],"predecessor-version":[{"id":14008,"href":"https:\/\/festivalmot.cat\/edicions\/2025\/wp-json\/wp\/v2\/pages\/46\/revisions\/14008"}],"wp:attachment":[{"href":"https:\/\/festivalmot.cat\/edicions\/2025\/wp-json\/wp\/v2\/media?parent=46"}],"curies":[{"name":"wp","href":"https:\/\/api.w.org\/{rel}","templated":true}]}}

<div style="height:40px" aria-hidden="true" class="wp-block-spacer"></div>


<div class="gb-container gb-container-d2b4953e">
<div class="gb-container gb-container-86fa4fde">

<h1 class="gb-headline gb-headline-cbe611af gb-headline-text">MÉS NOMS<br>PER A<br>L&#8217;AMOR</h1>



<h3 class="gb-headline gb-headline-c2a8dce9 gb-headline-text">del 17 al 29 de març<br>de 2025</h3>

</div>

<div class="gb-container gb-container-c04d5708">

<h4 class="gb-headline gb-headline-b9972e00 gb-headline-text">Maria-Mercè Marçal va escriure “un altre nom, si us plau, per a l’amor”, un vers que reclama nous models d’amor i confia en el llenguatge per ampliar-ne o redefinir-ne el significat</h4>

</div>
</div>

<div class="gb-container gb-container-4e3dc77f">

<h3 class="gb-headline gb-headline-8d311eaf gb-headline-text">Mira totes les converses del mot</h3>



<a class="gb-button gb-button-95e11ca2 gb-button-text" href="https://www.youtube.com/festivalmotcat" target="_blank" rel="noopener noreferrer">VISITA</a>

</div>

<p>MÉS NOMSPER AL&#8217;AMOR del 17 al 29 de marçde 2025 Maria-Mercè Marçal va escriure “un altre nom, si us plau, per a l’amor”, un vers que reclama nous models d’amor i confia en el llenguatge per ampliar-ne o redefinir-ne el significat Mira totes les converses del mot</p>
