{"id":131,"date":"2021-02-12T11:02:56","date_gmt":"2021-02-12T11:02:56","guid":{"rendered":"https:\/\/festivalmot.cat\/?page_id=131"},"modified":"2025-03-25T08:31:53","modified_gmt":"2025-03-25T08:31:53","slug":"premsa","status":"publish","type":"page","link":"https:\/\/festivalmot.cat\/edicions\/2025\/premsa\/","title":{"rendered":"Premsa"},"content":{"rendered":"<div class=\"gb-container gb-container-5ece3082\"><div class=\"gb-inside-container\">\n\n<h2 class=\"gb-headline gb-headline-5573642a gb-headline-text\">Presentaci\u00f3 del MOT 2025 <\/h2>\n\n\n<div class=\"gb-container gb-container-8ab0dd00\">\n\n<a class=\"gb-button gb-button-b52d2d45 gb-button-text\" href=\"https:\/\/festivalmot.cat\/edicions\/2025\/wp-content\/uploads\/2025\/03\/NP_MOT-Girona-2025.pdf\" target=\"_blank\" rel=\"noopener noreferrer\">NOTA DE PREMSA<\/a>\n\n\n\n<a class=\"gb-button gb-button-61b61d7d gb-button-text\" href=\"https:\/\/festivalmot.cat\/edicions\/2025\/wp-content\/uploads\/2025\/03\/MOT_2025_Dossier-de-premsa_web_.pdf\" target=\"_blank\" rel=\"noopener noreferrer\">DOSSIER DE PREMSA<\/a>\n\n\n\n<a class=\"gb-button gb-button-dea3901a gb-button-text\" href=\"https:\/\/drive.google.com\/drive\/folders\/1JbsK2XnkcmUBpTyOlZNUYexsEauRf4kD?usp=sharing\" target=\"_blank\" rel=\"noopener noreferrer\">IMATGES MOT 2025<\/a>\n\n<\/div>\n<\/div><\/div>\n\n<div class=\"gb-container gb-container-faa57ecf\"><div class=\"gb-inside-container\">\n\n<h2 class=\"gb-headline gb-headline-f38e2514 gb-headline-text\">Imatge gr\u00e0fica i primers autors confirmats del MOT 2025 <\/h2>\n\n\n<div class=\"gb-container gb-container-ac367110\">\n\n<a class=\"gb-button gb-button-7121ddda gb-button-text\" href=\"https:\/\/festivalmot.cat\/edicions\/2025\/wp-content\/uploads\/2024\/11\/Ndp_Llancament-MOT_2025.pdf\" target=\"_blank\" rel=\"noopener noreferrer\">NOTA DE PREMSA<\/a>\n\n\n\n<a class=\"gb-button gb-button-35543bfd gb-button-text\" href=\"https:\/\/drive.google.com\/drive\/folders\/1eoCceBUDZMIE5NctNg49IjKZv9qjnrM0?usp=sharing\" target=\"_blank\" rel=\"noopener noreferrer\">CARTELL MOT 2025<\/a>\n\n\n\n<a class=\"gb-button gb-button-2417c106 gb-button-text\" href=\"https:\/\/drive.google.com\/drive\/folders\/1anMa-sRoa3rE11iPFefXuX4xk1xyKDky?usp=sharing\" target=\"_blank\" rel=\"noopener noreferrer\">IMATGES PARTICIPANTS 2025<\/a>\n\n<\/div>\n<\/div><\/div>\n\n<div class=\"gb-container gb-container-eb3fc516\"><div class=\"gb-inside-container\">\n\n<h2 class=\"gb-headline gb-headline-3417b5a3 gb-headline-text\">Presentaci\u00f3 del tema i comissariat del MOT 2025<\/h2>\n\n\n<div class=\"gb-container gb-container-47659a16\">\n\n<a class=\"gb-button gb-button-0750250a gb-button-text\" href=\"https:\/\/festivalmot.cat\/edicions\/2025\/wp-content\/uploads\/2024\/07\/Ndp_Mot-2025_juliol-2024.pdf\" target=\"_blank\" rel=\"noopener noreferrer\">NOTA DE PREMSA<\/a>\n\n\n\n<a class=\"gb-button gb-button-b7df2e0f gb-button-text\" href=\"https:\/\/festivalmot.cat\/edicions\/2025\/wp-content\/uploads\/2024\/07\/IMG_1813.jpg\" target=\"_blank\" rel=\"noopener noreferrer\">FOTOGRAFIA DE LA COMISS\u00c0RIA<\/a>\n\n<\/div>\n<\/div><\/div>\n\n\n<h2 class=\"gb-headline gb-headline-de92e933 gb-headline-text\">Edicions anteriors<\/h2>\n\n\n<div class=\"gb-grid-wrapper gb-grid-wrapper-ae98f63a\">\n<div class=\"gb-grid-column gb-grid-column-604fa9a6\"><div class=\"gb-container gb-container-604fa9a6\"><div class=\"gb-inside-container\">\n<div class=\"gb-container gb-container-12ad04af\"><div class=\"gb-inside-container\">\n\n<h4 class=\"gb-headline gb-headline-d45e4f5b gb-headline-text\">Fotografies d&#8217;ambient &#8211; Edicions anteriors<\/h4>\n\n\n<div class=\"gb-button-wrapper gb-button-wrapper-22a148e3\">\n\n<a class=\"gb-button gb-button-710e9b6d gb-button-text\" href=\"https:\/\/drive.google.com\/drive\/folders\/1-WgfePREAMi0aXFCqOd_w9Nu6fHBaIhM?usp=sharing\" target=\"_blank\" rel=\"noopener noreferrer\">Descarregar imatges<\/a>\n\n<\/div>\n<\/div><\/div>\n<\/div><\/div><\/div>\n\n<div class=\"gb-grid-column gb-grid-column-6050d71b\"><div class=\"gb-container gb-container-6050d71b\"><div class=\"gb-inside-container\">\n\n<h4 class=\"gb-headline gb-headline-4f192594 gb-headline-text\">Fotografies del MOT INS &#8211; Edicions anteriors<\/h4>\n\n\n<div class=\"gb-button-wrapper gb-button-wrapper-b3a39fe2\">\n\n<a class=\"gb-button gb-button-f922c115 gb-button-text\" href=\"https:\/\/drive.google.com\/drive\/folders\/1fHotktgqqWI4AFIXPnjqlVUSGdMMbx2c?usp=sharing\" target=\"_blank\" rel=\"noopener noreferrer\">Descarregar imatges<\/a>\n\n<\/div>\n<\/div><\/div><\/div>\n<\/div>","protected":false},"excerpt":{"rendered":"<p>Presentaci\u00f3 del MOT 2025 Imatge gr\u00e0fica i primers autors confirmats del MOT 2025 Presentaci\u00f3 del tema i comissariat del MOT 2025 Edicions anteriors<\/p>\n","protected":false},"author":1,"featured_media":0,"parent":0,"menu_order":0,"comment_status":"closed","ping_status":"closed","template":"","meta":{"_acf_changed":false,"inline_featured_image":false,"footnotes":""},"class_list":["post-131","page","type-page","status-publish"],"acf":[],"_links":{"self":[{"href":"https:\/\/festivalmot.cat\/edicions\/2025\/wp-json\/wp\/v2\/pages\/131","targetHints":{"allow":["GET"]}}],"collection":[{"href":"https:\/\/festivalmot.cat\/edicions\/2025\/wp-json\/wp\/v2\/pages"}],"about":[{"href":"https:\/\/festivalmot.cat\/edicions\/2025\/wp-json\/wp\/v2\/types\/page"}],"author":[{"embeddable":true,"href":"https:\/\/festivalmot.cat\/edicions\/2025\/wp-json\/wp\/v2\/users\/1"}],"replies":[{"embeddable":true,"href":"https:\/\/festivalmot.cat\/edicions\/2025\/wp-json\/wp\/v2\/comments?post=131"}],"version-history":[{"count":64,"href":"https:\/\/festivalmot.cat\/edicions\/2025\/wp-json\/wp\/v2\/pages\/131\/revisions"}],"predecessor-version":[{"id":13997,"href":"https:\/\/festivalmot.cat\/edicions\/2025\/wp-json\/wp\/v2\/pages\/131\/revisions\/13997"}],"wp:attachment":[{"href":"https:\/\/festivalmot.cat\/edicions\/2025\/wp-json\/wp\/v2\/media?parent=131"}],"curies":[{"name":"wp","href":"https:\/\/api.w.org\/{rel}","templated":true}]}}

<div class="gb-container gb-container-5ece3082"><div class="gb-inside-container">

<h2 class="gb-headline gb-headline-5573642a gb-headline-text">Presentació del MOT 2025 </h2>


<div class="gb-container gb-container-8ab0dd00">

<a class="gb-button gb-button-b52d2d45 gb-button-text" href="https://festivalmot.cat/edicions/2025/wp-content/uploads/2025/03/NP_MOT-Girona-2025.pdf" target="_blank" rel="noopener noreferrer">NOTA DE PREMSA</a>



<a class="gb-button gb-button-61b61d7d gb-button-text" href="https://festivalmot.cat/edicions/2025/wp-content/uploads/2025/03/MOT_2025_Dossier-de-premsa_web_.pdf" target="_blank" rel="noopener noreferrer">DOSSIER DE PREMSA</a>



<a class="gb-button gb-button-dea3901a gb-button-text" href="https://drive.google.com/drive/folders/1JbsK2XnkcmUBpTyOlZNUYexsEauRf4kD?usp=sharing" target="_blank" rel="noopener noreferrer">IMATGES MOT 2025</a>

</div>
</div></div>

<div class="gb-container gb-container-faa57ecf"><div class="gb-inside-container">

<h2 class="gb-headline gb-headline-f38e2514 gb-headline-text">Imatge gràfica i primers autors confirmats del MOT 2025 </h2>


<div class="gb-container gb-container-ac367110">

<a class="gb-button gb-button-7121ddda gb-button-text" href="https://festivalmot.cat/edicions/2025/wp-content/uploads/2024/11/Ndp_Llancament-MOT_2025.pdf" target="_blank" rel="noopener noreferrer">NOTA DE PREMSA</a>



<a class="gb-button gb-button-35543bfd gb-button-text" href="https://drive.google.com/drive/folders/1eoCceBUDZMIE5NctNg49IjKZv9qjnrM0?usp=sharing" target="_blank" rel="noopener noreferrer">CARTELL MOT 2025</a>



<a class="gb-button gb-button-2417c106 gb-button-text" href="https://drive.google.com/drive/folders/1anMa-sRoa3rE11iPFefXuX4xk1xyKDky?usp=sharing" target="_blank" rel="noopener noreferrer">IMATGES PARTICIPANTS 2025</a>

</div>
</div></div>

<div class="gb-container gb-container-eb3fc516"><div class="gb-inside-container">

<h2 class="gb-headline gb-headline-3417b5a3 gb-headline-text">Presentació del tema i comissariat del MOT 2025</h2>


<div class="gb-container gb-container-47659a16">

<a class="gb-button gb-button-0750250a gb-button-text" href="https://festivalmot.cat/edicions/2025/wp-content/uploads/2024/07/Ndp_Mot-2025_juliol-2024.pdf" target="_blank" rel="noopener noreferrer">NOTA DE PREMSA</a>



<a class="gb-button gb-button-b7df2e0f gb-button-text" href="https://festivalmot.cat/edicions/2025/wp-content/uploads/2024/07/IMG_1813.jpg" target="_blank" rel="noopener noreferrer">FOTOGRAFIA DE LA COMISSÀRIA</a>

</div>
</div></div>


<h2 class="gb-headline gb-headline-de92e933 gb-headline-text">Edicions anteriors</h2>


<div class="gb-grid-wrapper gb-grid-wrapper-ae98f63a">
<div class="gb-grid-column gb-grid-column-604fa9a6"><div class="gb-container gb-container-604fa9a6"><div class="gb-inside-container">
<div class="gb-container gb-container-12ad04af"><div class="gb-inside-container">

<h4 class="gb-headline gb-headline-d45e4f5b gb-headline-text">Fotografies d&#8217;ambient &#8211; Edicions anteriors</h4>


<div class="gb-button-wrapper gb-button-wrapper-22a148e3">

<a class="gb-button gb-button-710e9b6d gb-button-text" href="https://drive.google.com/drive/folders/1-WgfePREAMi0aXFCqOd_w9Nu6fHBaIhM?usp=sharing" target="_blank" rel="noopener noreferrer">Descarregar imatges</a>

</div>
</div></div>
</div></div></div>

<div class="gb-grid-column gb-grid-column-6050d71b"><div class="gb-container gb-container-6050d71b"><div class="gb-inside-container">

<h4 class="gb-headline gb-headline-4f192594 gb-headline-text">Fotografies del MOT INS &#8211; Edicions anteriors</h4>


<div class="gb-button-wrapper gb-button-wrapper-b3a39fe2">

<a class="gb-button gb-button-f922c115 gb-button-text" href="https://drive.google.com/drive/folders/1fHotktgqqWI4AFIXPnjqlVUSGdMMbx2c?usp=sharing" target="_blank" rel="noopener noreferrer">Descarregar imatges</a>

</div>
</div></div></div>
</div>

<p>Presentació del MOT 2025 Imatge gràfica i primers autors confirmats del MOT 2025 Presentació del tema i comissariat del MOT 2025 Edicions anteriors</p>
