{"id":106,"date":"2021-02-12T10:13:19","date_gmt":"2021-02-12T10:13:19","guid":{"rendered":"https:\/\/festivalmot.cat\/?page_id=106"},"modified":"2025-02-28T15:14:12","modified_gmt":"2025-02-28T15:14:12","slug":"que-es-el-mot","status":"publish","type":"page","link":"https:\/\/festivalmot.cat\/edicions\/2025\/que-es-el-mot\/","title":{"rendered":"Qu\u00e8 \u00e9s el MOT"},"content":{"rendered":"<div class=\"gb-grid-wrapper gb-grid-wrapper-dff61b08\">\n<div class=\"gb-grid-column gb-grid-column-26b1e044\"><div class=\"gb-container gb-container-26b1e044\"><div class=\"gb-inside-container\">\n\n<figure class=\"wp-block-image size-large is-resized icona-edicio\"><img decoding=\"async\" src=\"https:\/\/festivalmot.cat\/edicions\/2025\/wp-content\/uploads\/2021\/02\/quote-left-solid.svg\" alt=\"\" class=\"wp-image-107\" style=\"width:100px;height:100px\"\/><\/figure>\n\n<\/div><\/div><\/div>\n\n<div class=\"gb-grid-column gb-grid-column-10b5d0a6\"><div class=\"gb-container gb-container-10b5d0a6\"><div class=\"gb-inside-container\">\n\n<p>El MOT \u00e9s un festival literari organitzat conjuntament per l\u2019Ajuntament de Girona i l\u2019Ajuntament d\u2019Olot que es porta a terme cada any durant la primavera.<\/p>\n\n\n\n<p>\u00c9s un projecte de divulgaci\u00f3 liter\u00e0ria que acosta els escriptors als lectors i duu a les comarques gironines primeres figures nacionals i internacionals de l\u2019\u00e0mbit literari. Precisament, les seves caracter\u00edstiques fonamentals s\u00f3n la cerca de l\u2019excel\u00b7l\u00e8ncia en la qualitat dels autors i la proximitat amb el p\u00fablic.<\/p>\n\n\n\n<p>El festival cada any escull un \u00e0mbit tem\u00e0tic que serveix de fil conductor de l\u2019edici\u00f3 i ofereix una programaci\u00f3 d\u2019actes literaris de la m\u00e0 d\u2019escriptors i intel\u2219lectuals de refer\u00e8ncia. <\/p>\n\n\n\n<p>El festival es complementa amb projectes com les el Primer MOT (adre\u00e7at a escoles i instituts) o Llegim el MOT que s\u00f3n els clubs de lectura de les biblioteques p\u00fabliques sobre autors que visiten el festival.<\/p>\n\n<\/div><\/div><\/div>\n<\/div>\n\n<div class=\"gb-container gb-container-be3ebe91\"><div class=\"gb-inside-container\">\n<div class=\"gb-grid-wrapper gb-grid-wrapper-5b3a329e\">\n<div class=\"gb-grid-column gb-grid-column-00002569\"><div class=\"gb-container gb-container-00002569\"><div class=\"gb-inside-container\"><\/div><\/div><\/div>\n\n<div class=\"gb-grid-column gb-grid-column-8547b24f\"><div class=\"gb-container gb-container-8547b24f\"><div class=\"gb-inside-container\">\n<div class=\"gb-button-wrapper gb-button-wrapper-8144cd8d\">\n\n<a class=\"gb-button gb-button-828c55df gb-button-text\" href=\"https:\/\/festivalmot.cat\/edicions\/2025\/el-primer-mot\/\"><strong><strong>PRIMER MOT<\/strong><\/strong><\/a>\n\n<\/div>\n\n\n<h4 class=\"gb-headline gb-headline-8e300218 gb-headline-text que-es-mot-caixa\">La vessant del festival creada per abastar el p\u00fablic infantil i jove.<\/h4>\n\n<\/div><\/div><\/div>\n\n<div class=\"gb-grid-column gb-grid-column-422c37e9\"><div class=\"gb-container gb-container-422c37e9\"><div class=\"gb-inside-container\">\n<div class=\"gb-button-wrapper gb-button-wrapper-6f8e7edf\">\n\n<a class=\"gb-button gb-button-b7d4de77 gb-button-text\" href=\"https:\/\/festivalmot.cat\/edicions\/2025\/mes-mot\/\"><strong><strong>+ MOT<\/strong><\/strong><\/a>\n\n<\/div>\n\n\n<h4 class=\"gb-headline gb-headline-8ccb91a3 gb-headline-text que-es-mot-caixa\">Entitats i associacions fan cr\u00e9ixer el festival per viure&nbsp;la literatura a peu de carrer i des de mirades diverses.<\/h4>\n\n<\/div><\/div><\/div>\n\n<div class=\"gb-grid-column gb-grid-column-64ba0d7f\"><div class=\"gb-container gb-container-64ba0d7f\"><div class=\"gb-inside-container\">\n<div class=\"gb-button-wrapper gb-button-wrapper-059ff2d8\">\n\n<a class=\"gb-button gb-button-4a84bf48 gb-button-text\" href=\"https:\/\/festivalmot.cat\/edicions\/2025\/llegim-el-mot\/\"><strong><strong><strong>Llegim el MOT<\/strong><\/strong><\/strong><\/a>\n\n<\/div>\n\n\n<h4 class=\"gb-headline gb-headline-c41797e2 gb-headline-text que-es-mot-caixa\">El m\u00f3n lector que envolta el festival, abans, durant i despr\u00e9s de les converses dels autors que ens visiten.<\/h4>\n\n<\/div><\/div><\/div>\n<\/div>\n<\/div><\/div>\n\n<div class=\"gb-container gb-container-e4435df7\"><div class=\"gb-inside-container\">\n\n<h3 class=\"gb-headline gb-headline-bb940884 gb-headline-text\">Consulta les edicions que s&#8217;han dut a terme fins ara<\/h3>\n\n\n<div class=\"gb-button-wrapper gb-button-wrapper-5bd49008\">\n\n<a class=\"gb-button gb-button-92dc6239 gb-button-text\" href=\"https:\/\/festivalmot.cat\/edicions\/2025\/edicions-anteriors\/\">EDICIONS ANTERIORS DEL MOT<\/a>\n\n<\/div>\n<\/div><\/div>","protected":false},"excerpt":{"rendered":"<p>Consulta les edicions que s&#8217;han dut a terme fins ara<\/p>\n","protected":false},"author":1,"featured_media":0,"parent":0,"menu_order":0,"comment_status":"closed","ping_status":"closed","template":"","meta":{"_acf_changed":false,"inline_featured_image":false,"footnotes":""},"class_list":["post-106","page","type-page","status-publish"],"acf":[],"_links":{"self":[{"href":"https:\/\/festivalmot.cat\/edicions\/2025\/wp-json\/wp\/v2\/pages\/106","targetHints":{"allow":["GET"]}}],"collection":[{"href":"https:\/\/festivalmot.cat\/edicions\/2025\/wp-json\/wp\/v2\/pages"}],"about":[{"href":"https:\/\/festivalmot.cat\/edicions\/2025\/wp-json\/wp\/v2\/types\/page"}],"author":[{"embeddable":true,"href":"https:\/\/festivalmot.cat\/edicions\/2025\/wp-json\/wp\/v2\/users\/1"}],"replies":[{"embeddable":true,"href":"https:\/\/festivalmot.cat\/edicions\/2025\/wp-json\/wp\/v2\/comments?post=106"}],"version-history":[{"count":41,"href":"https:\/\/festivalmot.cat\/edicions\/2025\/wp-json\/wp\/v2\/pages\/106\/revisions"}],"predecessor-version":[{"id":13793,"href":"https:\/\/festivalmot.cat\/edicions\/2025\/wp-json\/wp\/v2\/pages\/106\/revisions\/13793"}],"wp:attachment":[{"href":"https:\/\/festivalmot.cat\/edicions\/2025\/wp-json\/wp\/v2\/media?parent=106"}],"curies":[{"name":"wp","href":"https:\/\/api.w.org\/{rel}","templated":true}]}}

Què és el MOT

<div class="gb-grid-wrapper gb-grid-wrapper-dff61b08">
<div class="gb-grid-column gb-grid-column-26b1e044"><div class="gb-container gb-container-26b1e044"><div class="gb-inside-container">

<figure class="wp-block-image size-large is-resized icona-edicio"><img decoding="async" src="https://festivalmot.cat/edicions/2025/wp-content/uploads/2021/02/quote-left-solid.svg" alt="" class="wp-image-107" style="width:100px;height:100px"/></figure>

</div></div></div>

<div class="gb-grid-column gb-grid-column-10b5d0a6"><div class="gb-container gb-container-10b5d0a6"><div class="gb-inside-container">

<p>El MOT és un festival literari organitzat conjuntament per l’Ajuntament de Girona i l’Ajuntament d’Olot que es porta a terme cada any durant la primavera.</p>



<p>És un projecte de divulgació literària que acosta els escriptors als lectors i duu a les comarques gironines primeres figures nacionals i internacionals de l’àmbit literari. Precisament, les seves característiques fonamentals són la cerca de l’excel·lència en la qualitat dels autors i la proximitat amb el públic.</p>



<p>El festival cada any escull un àmbit temàtic que serveix de fil conductor de l’edició i ofereix una programació d’actes literaris de la mà d’escriptors i intel∙lectuals de referència. </p>



<p>El festival es complementa amb projectes com les el Primer MOT (adreçat a escoles i instituts) o Llegim el MOT que són els clubs de lectura de les biblioteques públiques sobre autors que visiten el festival.</p>

</div></div></div>
</div>

<div class="gb-container gb-container-be3ebe91"><div class="gb-inside-container">
<div class="gb-grid-wrapper gb-grid-wrapper-5b3a329e">
<div class="gb-grid-column gb-grid-column-00002569"><div class="gb-container gb-container-00002569"><div class="gb-inside-container"></div></div></div>

<div class="gb-grid-column gb-grid-column-8547b24f"><div class="gb-container gb-container-8547b24f"><div class="gb-inside-container">
<div class="gb-button-wrapper gb-button-wrapper-8144cd8d">

<a class="gb-button gb-button-828c55df gb-button-text" href="https://festivalmot.cat/edicions/2025/el-primer-mot/"><strong><strong>PRIMER MOT</strong></strong></a>

</div>


<h4 class="gb-headline gb-headline-8e300218 gb-headline-text que-es-mot-caixa">La vessant del festival creada per abastar el públic infantil i jove.</h4>

</div></div></div>

<div class="gb-grid-column gb-grid-column-422c37e9"><div class="gb-container gb-container-422c37e9"><div class="gb-inside-container">
<div class="gb-button-wrapper gb-button-wrapper-6f8e7edf">

<a class="gb-button gb-button-b7d4de77 gb-button-text" href="https://festivalmot.cat/edicions/2025/mes-mot/"><strong><strong>+ MOT</strong></strong></a>

</div>


<h4 class="gb-headline gb-headline-8ccb91a3 gb-headline-text que-es-mot-caixa">Entitats i associacions fan créixer el festival per viure&nbsp;la literatura a peu de carrer i des de mirades diverses.</h4>

</div></div></div>

<div class="gb-grid-column gb-grid-column-64ba0d7f"><div class="gb-container gb-container-64ba0d7f"><div class="gb-inside-container">
<div class="gb-button-wrapper gb-button-wrapper-059ff2d8">

<a class="gb-button gb-button-4a84bf48 gb-button-text" href="https://festivalmot.cat/edicions/2025/llegim-el-mot/"><strong><strong><strong>Llegim el MOT</strong></strong></strong></a>

</div>


<h4 class="gb-headline gb-headline-c41797e2 gb-headline-text que-es-mot-caixa">El món lector que envolta el festival, abans, durant i després de les converses dels autors que ens visiten.</h4>

</div></div></div>
</div>
</div></div>

<div class="gb-container gb-container-e4435df7"><div class="gb-inside-container">

<h3 class="gb-headline gb-headline-bb940884 gb-headline-text">Consulta les edicions que s&#8217;han dut a terme fins ara</h3>


<div class="gb-button-wrapper gb-button-wrapper-5bd49008">

<a class="gb-button gb-button-92dc6239 gb-button-text" href="https://festivalmot.cat/edicions/2025/edicions-anteriors/">EDICIONS ANTERIORS DEL MOT</a>

</div>
</div></div>
