{"id":13641,"date":"2025-01-28T22:11:02","date_gmt":"2025-01-28T22:11:02","guid":{"rendered":"https:\/\/festivalmot.cat\/edicions\/2025\/?post_type=actes&#038;p=13641"},"modified":"2025-01-28T22:11:02","modified_gmt":"2025-01-28T22:11:02","slug":"conferencia-carnestoltes-de-victor-catala","status":"publish","type":"actes","link":"https:\/\/festivalmot.cat\/edicions\/2025\/actes\/conferencia-carnestoltes-de-victor-catala\/","title":{"rendered":"Confer\u00e8ncia: Carnestoltes, de V\u00edctor Catal\u00e0"},"featured_media":13644,"template":"","categories_actes":[29],"class_list":["post-13641","actes","type-actes","status-publish","has-post-thumbnail","hentry","categories_actes-mot-girona"],"acf":[],"_links":{"self":[{"href":"https:\/\/festivalmot.cat\/edicions\/2025\/wp-json\/wp\/v2\/actes\/13641","targetHints":{"allow":["GET"]}}],"collection":[{"href":"https:\/\/festivalmot.cat\/edicions\/2025\/wp-json\/wp\/v2\/actes"}],"about":[{"href":"https:\/\/festivalmot.cat\/edicions\/2025\/wp-json\/wp\/v2\/types\/actes"}],"wp:featuredmedia":[{"embeddable":true,"href":"https:\/\/festivalmot.cat\/edicions\/2025\/wp-json\/wp\/v2\/media\/13644"}],"wp:attachment":[{"href":"https:\/\/festivalmot.cat\/edicions\/2025\/wp-json\/wp\/v2\/media?parent=13641"}],"wp:term":[{"taxonomy":"categories_actes","embeddable":true,"href":"https:\/\/festivalmot.cat\/edicions\/2025\/wp-json\/wp\/v2\/categories_actes?post=13641"}],"curies":[{"name":"wp","href":"https:\/\/api.w.org\/{rel}","templated":true}]}}

Conferència: Carnestoltes, de Víctor Català
